Last updated on 2021-01-16 05:47:06 CET.
Flavor | Version | Tinstall | Tcheck | Ttotal | Status | Flags |
---|---|---|---|---|---|---|
r-devel-linux-x86_64-debian-clang | 0.1.1 | 98.94 | 105.63 | 204.57 | OK | |
r-devel-linux-x86_64-debian-gcc | 0.1.1 | 76.27 | 79.43 | 155.70 | OK | |
r-devel-linux-x86_64-fedora-clang | 0.1.1 | 303.83 | NOTE | |||
r-devel-linux-x86_64-fedora-gcc | 0.1.1 | 286.90 | OK | |||
r-devel-windows-ix86+x86_64 | 0.1.1 | 176.00 | 142.00 | 318.00 | OK | |
r-patched-linux-x86_64 | 0.1.1 | 87.50 | 102.34 | 189.84 | OK | |
r-patched-solaris-x86 | 0.1.1 | 293.80 | OK | |||
r-release-linux-x86_64 | 0.1.1 | 86.05 | 102.44 | 188.49 | OK | |
r-release-macos-x86_64 | 0.1.1 | NOTE | ||||
r-release-windows-ix86+x86_64 | 0.1.1 | 200.00 | 154.00 | 354.00 | OK | |
r-oldrel-macos-x86_64 | 0.1.1 | NOTE | ||||
r-oldrel-windows-ix86+x86_64 | 0.1.1 | 210.00 | 184.00 | 394.00 | OK |
Version: 0.1.1
Check: installed package size
Result: NOTE
installed size is 9.1Mb
sub-directories of 1Mb or more:
libs 7.7Mb
Flavors: r-devel-linux-x86_64-fedora-clang, r-release-macos-x86_64, r-oldrel-macos-x86_64