CRAN Package Check Results for Package IPWboxplot

Last updated on 2021-11-29 05:49:48 CET.

Flavor Version Tinstall Tcheck Ttotal Status Flags
r-devel-linux-x86_64-debian-clang 0.1.0 NOTE
r-devel-linux-x86_64-debian-gcc 0.1.0 2.04 26.05 28.09 NOTE
r-devel-linux-x86_64-fedora-clang 0.1.0 56.24 OK
r-devel-linux-x86_64-fedora-gcc 0.1.0 47.82 OK
r-devel-windows-x86_64-new-UL 0.1.0 9.00 98.00 107.00 NOTE
r-devel-windows-x86_64-new-TK 0.1.0 OK
r-devel-windows-x86_64-old 0.1.0 7.00 54.00 61.00 NOTE
r-patched-linux-x86_64 0.1.0 3.13 31.68 34.81 NOTE
r-patched-solaris-x86 0.1.0 53.50 OK
r-release-linux-x86_64 0.1.0 2.79 31.55 34.34 NOTE
r-release-macos-arm64 0.1.0 OK
r-release-macos-x86_64 0.1.0 OK
r-release-windows-ix86+x86_64 0.1.0 6.00 58.00 64.00 NOTE
r-oldrel-macos-x86_64 0.1.0 OK
r-oldrel-windows-ix86+x86_64 0.1.0 5.00 57.00 62.00 NOTE

Check Details

Version: 0.1.0
Check: package vignettes
Result: NOTE
    Package vignette with placeholder title 'Vignette Title':
     'my-vignette.Rmd'
Flavors: r-devel-linux-x86_64-debian-clang, r-devel-linux-x86_64-debian-gcc, r-devel-windows-x86_64-new-UL, r-devel-windows-x86_64-old, r-patched-linux-x86_64, r-release-linux-x86_64, r-release-windows-ix86+x86_64, r-oldrel-windows-ix86+x86_64