CRAN Package Check Results for Package IRATER

Last updated on 2019-12-15 05:47:42 CET.

Flavor Version Tinstall Tcheck Ttotal Status Flags
r-devel-linux-x86_64-debian-clang 0.0.1 4.40 30.38 34.78 OK --no-examples --no-tests --no-vignettes
r-devel-linux-x86_64-debian-gcc 0.0.1 3.15 23.86 27.01 OK --no-examples --no-tests --no-vignettes
r-devel-windows-ix86+x86_64 0.0.1 7.00 69.00 76.00 OK --no-examples --no-tests --no-vignettes
r-devel-windows-ix86+x86_64-gcc8 0.0.1 8.00 59.00 67.00 OK --no-examples --no-tests --no-vignettes
r-patched-linux-x86_64 0.0.1 3.78 28.00 31.78 OK --no-examples --no-tests --no-vignettes
r-release-linux-x86_64 0.0.1 3.28 27.92 31.20 OK --no-examples --no-tests --no-vignettes
r-release-windows-ix86+x86_64 0.0.1 6.00 47.00 53.00 OK --no-examples --no-tests --no-vignettes
r-release-osx-x86_64 0.0.1 ERROR
r-oldrel-windows-ix86+x86_64 0.0.1 4.00 68.00 72.00 OK --no-examples --no-tests --no-vignettes
r-oldrel-osx-x86_64 0.0.1 ERROR

Check Details

Version: 0.0.1
Check: dependencies in R code
Result: NOTE
    Namespaces in Imports field not imported from:
     ‘coda’ ‘lattice’
     All declared Imports should be used.
Flavors: r-release-osx-x86_64, r-oldrel-osx-x86_64

Version: 0.0.1
Check: examples
Result: ERROR
    Running examples in ‘IRATER-Ex.R’ failed
    The error most likely occurred in:
    
    > ### Name: clean.admb
    > ### Title: delete IRATE (ADMB) run files
    > ### Aliases: clean.admb clean.IRATE
    >
    > ### ** Examples
    >
    > example.setup <- IRATE.examples()
    > new.setup <- new.setup.path <- example.setup[1] # select old IRATE setup to reparameterize
    > print(new.setup) # print setup name to be run
    [1] "HoenigNonMixing"
    > old.setup.path <- system.file(paste0("IRATE.examples/",new.setup,".dat"), package = "IRATER")
    >
    > system(paste("mkdir -p ",new.setup.path)) # create run folder for new setup
    > system(paste("cp",old.setup.path, new.setup.path)) # copy old setup in new run folder
    > setwd(new.setup.path)
    >
    > run.IRATE(new.setup) # compile and run setup
    sh: admb: command not found
    Error in R2admb::compile_admb(setup.file, safe = safe, re = re, verbose = verbose, :
     base admb command failed: run setup_admb(), or check ADMB installation
    Calls: run.IRATE -> <Anonymous>
    Execution halted
Flavors: r-release-osx-x86_64, r-oldrel-osx-x86_64