CRAN Package Check Results for Package ISO11784Tools

Last updated on 2024-06-13 06:58:05 CEST.

Flavor Version Tinstall Tcheck Ttotal Status Flags
r-devel-linux-x86_64-debian-clang 1.1.4 1.70 37.27 38.97 OK
r-devel-linux-x86_64-debian-gcc 1.1.4 0.38 1.81 2.19 ERROR
r-devel-linux-x86_64-fedora-clang 1.1.4 52.45 OK
r-devel-linux-x86_64-fedora-gcc 1.1.4 61.62 OK
r-devel-windows-x86_64 1.1.4 4.00 53.00 57.00 OK
r-patched-linux-x86_64 1.1.4 3.04 36.53 39.57 OK
r-release-linux-x86_64 1.1.4 2.09 35.85 37.94 OK
r-release-macos-arm64 1.1.4 25.00 OK
r-release-macos-x86_64 1.1.4 37.00 OK
r-release-windows-x86_64 1.1.4 4.00 53.00 57.00 OK
r-oldrel-macos-arm64 1.1.4 25.00 OK
r-oldrel-macos-x86_64 1.1.4 37.00 OK
r-oldrel-windows-x86_64 1.1.4 4.00 56.00 60.00 OK

Check Details

Version: 1.1.4
Check: package dependencies
Result: ERROR Packages required but not available: 'stringr', 'dplyr', 'tibble' Package suggested but not available for checking: ‘testthat’ See section ‘The DESCRIPTION file’ in the ‘Writing R Extensions’ manual. Flavor: r-devel-linux-x86_64-debian-gcc