CRAN Package Check Results for Package ITGM

Last updated on 2021-06-14 05:50:35 CEST.

Flavor Version Tinstall Tcheck Ttotal Status Flags
r-devel-linux-x86_64-debian-clang 0.42 11.97 88.63 100.60 NOTE
r-devel-linux-x86_64-debian-gcc 0.42 9.12 66.25 75.37 NOTE
r-devel-linux-x86_64-fedora-clang 0.42 130.71 NOTE
r-devel-linux-x86_64-fedora-gcc 0.42 119.66 NOTE
r-devel-windows-x86_64 0.42 20.00 116.00 136.00 NOTE
r-devel-windows-x86_64-gcc10-UCRT 0.42 NOTE
r-patched-linux-x86_64 0.42 11.22 84.06 95.28 NOTE
r-patched-solaris-x86 0.42 195.60 NOTE
r-release-linux-x86_64 0.42 12.02 83.74 95.76 NOTE
r-release-macos-arm64 0.42 NOTE
r-release-macos-x86_64 0.42 NOTE
r-release-windows-ix86+x86_64 0.42 22.00 114.00 136.00 NOTE
r-oldrel-macos-x86_64 0.42 OK
r-oldrel-windows-ix86+x86_64 0.42 29.00 119.00 148.00 OK

Check Details

Version: 0.42
Check: LazyData
Result: NOTE
     'LazyData' is specified without a 'data' directory
Flavors: r-devel-linux-x86_64-debian-clang, r-devel-linux-x86_64-debian-gcc, r-devel-linux-x86_64-fedora-clang, r-devel-linux-x86_64-fedora-gcc, r-devel-windows-x86_64, r-devel-windows-x86_64-gcc10-UCRT, r-patched-linux-x86_64, r-patched-solaris-x86, r-release-linux-x86_64, r-release-macos-arm64, r-release-macos-x86_64, r-release-windows-ix86+x86_64