Last updated on 2021-01-22 05:50:30 CET.
Flavor | Version | Tinstall | Tcheck | Ttotal | Status | Flags |
---|---|---|---|---|---|---|
r-devel-linux-x86_64-debian-clang | 2.1.0 | 48.53 | 542.07 | 590.60 | OK | |
r-devel-linux-x86_64-debian-gcc | 2.1.0 | 32.43 | 397.31 | 429.74 | OK | |
r-devel-linux-x86_64-fedora-clang | 2.1.0 | 713.45 | NOTE | |||
r-devel-linux-x86_64-fedora-gcc | 2.1.0 | 710.15 | NOTE | |||
r-devel-windows-ix86+x86_64 | 2.1.0 | 121.00 | 769.00 | 890.00 | OK | |
r-patched-linux-x86_64 | 2.1.0 | 42.47 | 514.57 | 557.04 | OK | |
r-patched-solaris-x86 | 2.1.0 | 993.60 | NOTE | |||
r-release-linux-x86_64 | 2.1.0 | 39.93 | 515.85 | 555.78 | OK | |
r-release-macos-x86_64 | 2.1.0 | NOTE | ||||
r-release-windows-ix86+x86_64 | 2.1.0 | 83.00 | 794.00 | 877.00 | OK | |
r-oldrel-macos-x86_64 | 2.1.0 | NOTE | ||||
r-oldrel-windows-ix86+x86_64 | 2.1.0 | 75.00 | 504.00 | 579.00 | OK |
Version: 2.1.0
Check: dependencies in R code
Result: NOTE
Namespace in Imports field not imported from: ‘coda’
All declared Imports should be used.
Flavors: r-devel-linux-x86_64-fedora-clang, r-devel-linux-x86_64-fedora-gcc, r-patched-solaris-x86, r-release-macos-x86_64, r-oldrel-macos-x86_64