Last updated on 2023-02-01 05:50:48 CET.
Flavor | Version | Tinstall | Tcheck | Ttotal | Status | Flags |
---|---|---|---|---|---|---|
r-devel-linux-x86_64-debian-clang | 1.0.4 | 12.80 | 175.42 | 188.22 | OK | |
r-devel-linux-x86_64-debian-gcc | 1.0.4 | 10.10 | 129.73 | 139.83 | OK | |
r-devel-linux-x86_64-fedora-clang | 1.0.4 | 234.36 | NOTE | |||
r-devel-linux-x86_64-fedora-gcc | 1.0.4 | 248.51 | NOTE | |||
r-devel-windows-x86_64 | 1.0.4 | 38.00 | 538.00 | 576.00 | OK | |
r-patched-linux-x86_64 | 1.0.4 | 8.69 | 166.15 | 174.84 | OK | |
r-release-linux-x86_64 | 1.0.4 | 9.62 | 153.61 | 163.23 | OK | |
r-release-macos-arm64 | 1.0.4 | 93.00 | NOTE | |||
r-release-macos-x86_64 | 1.0.4 | 112.00 | NOTE | |||
r-release-windows-x86_64 | 1.0.4 | 48.00 | 451.00 | 499.00 | OK | |
r-oldrel-macos-arm64 | 1.0.4 | 91.00 | NOTE | |||
r-oldrel-macos-x86_64 | 1.0.4 | 119.00 | NOTE | |||
r-oldrel-windows-ix86+x86_64 | 1.0.4 | 30.00 | 367.00 | 397.00 | OK |
Version: 1.0.4
Check: data for non-ASCII characters
Result: NOTE
Note: found 10 marked UTF-8 strings
Flavors: r-devel-linux-x86_64-fedora-clang, r-devel-linux-x86_64-fedora-gcc, r-release-macos-arm64, r-release-macos-x86_64, r-oldrel-macos-arm64, r-oldrel-macos-x86_64
Version: 1.0.4
Check: for detritus in the temp directory
Result: NOTE
Found the following files/directories:
‘Crashpad’
Flavor: r-devel-linux-x86_64-fedora-gcc