CRAN Package Check Results for Package IceSat2R

Last updated on 2024-02-25 06:08:31 CET.

Flavor Version Tinstall Tcheck Ttotal Status Flags
r-devel-linux-x86_64-debian-clang 1.0.4 34.49 378.60 413.09 OK
r-devel-linux-x86_64-debian-gcc 1.0.4 25.21 277.76 302.97 OK
r-devel-linux-x86_64-fedora-clang 1.0.4 518.83 NOTE
r-devel-linux-x86_64-fedora-gcc 1.0.4 529.25 NOTE
r-devel-windows-x86_64 1.0.4 26.00 268.00 294.00 OK
r-patched-linux-x86_64 1.0.4 23.97 362.13 386.10 OK
r-release-linux-x86_64 1.0.4 21.10 366.43 387.53 OK
r-release-macos-arm64 1.0.4 96.00 OK
r-release-macos-x86_64 1.0.4 135.00 OK
r-release-windows-x86_64 1.0.4 34.00 356.00 390.00 OK
r-oldrel-macos-arm64 1.0.4 93.00 NOTE
r-oldrel-windows-x86_64 1.0.4 37.00 359.00 396.00 OK

Check Details

Version: 1.0.4
Check: data for non-ASCII characters
Result: NOTE Note: found 10 marked UTF-8 strings Flavors: r-devel-linux-x86_64-fedora-clang, r-devel-linux-x86_64-fedora-gcc, r-oldrel-macos-arm64

Version: 1.0.4
Check: for detritus in the temp directory
Result: NOTE Found the following files/directories: ‘Crashpad’ Flavor: r-devel-linux-x86_64-fedora-gcc