CRAN Package Check Results for Package IntegratedMRF

Last updated on 2021-11-29 05:49:47 CET.

Flavor Version Tinstall Tcheck Ttotal Status Flags
r-devel-linux-x86_64-debian-clang 1.1.9 NOTE
r-devel-linux-x86_64-debian-gcc 1.1.9 16.02 37.62 53.64 NOTE
r-devel-linux-x86_64-fedora-clang 1.1.9 104.72 NOTE
r-devel-linux-x86_64-fedora-gcc 1.1.9 87.94 NOTE
r-devel-windows-x86_64-new-UL 1.1.9 35.00 108.00 143.00 OK
r-devel-windows-x86_64-new-TK 1.1.9 OK
r-devel-windows-x86_64-old 1.1.9 24.00 96.00 120.00 OK
r-patched-linux-x86_64 1.1.9 17.90 46.79 64.69 NOTE
r-patched-solaris-x86 1.1.9 114.90 NOTE
r-release-linux-x86_64 1.1.9 19.66 46.30 65.96 NOTE
r-release-macos-arm64 1.1.9 OK
r-release-macos-x86_64 1.1.9 OK
r-release-windows-ix86+x86_64 1.1.9 54.00 100.00 154.00 OK
r-oldrel-macos-x86_64 1.1.9 OK
r-oldrel-windows-ix86+x86_64 1.1.9 54.00 130.00 184.00 OK

Check Details

Version: 1.1.9
Check: for non-standard things in the check directory
Result: NOTE
    Found the following files/directories:
     'Error_Estimation_Response_1.tiff' 'Error_Estimation_Response_2.tiff'
     'Error_Estimation_Response_3.tiff'
Flavors: r-devel-linux-x86_64-debian-clang, r-devel-linux-x86_64-debian-gcc, r-devel-linux-x86_64-fedora-clang, r-devel-linux-x86_64-fedora-gcc, r-patched-linux-x86_64, r-patched-solaris-x86, r-release-linux-x86_64