CRAN Package Check Results for Package IrregLong

Last updated on 2021-06-14 05:50:35 CEST.

Flavor Version Tinstall Tcheck Ttotal Status Flags
r-devel-linux-x86_64-debian-clang 0.3.3 10.11 101.45 111.56 NOTE
r-devel-linux-x86_64-debian-gcc 0.3.3 8.62 74.27 82.89 NOTE
r-devel-linux-x86_64-fedora-clang 0.3.3 140.99 NOTE
r-devel-linux-x86_64-fedora-gcc 0.3.3 128.66 NOTE
r-devel-windows-x86_64 0.3.3 17.00 125.00 142.00 NOTE
r-devel-windows-x86_64-gcc10-UCRT 0.3.3 NOTE
r-patched-linux-x86_64 0.3.3 10.31 94.35 104.66 NOTE
r-patched-solaris-x86 0.3.3 181.40 NOTE
r-release-linux-x86_64 0.3.3 9.20 93.48 102.68 NOTE
r-release-macos-arm64 0.3.3 NOTE
r-release-macos-x86_64 0.3.3 NOTE
r-release-windows-ix86+x86_64 0.3.3 25.00 126.00 151.00 NOTE
r-oldrel-macos-x86_64 0.3.3 OK
r-oldrel-windows-ix86+x86_64 0.3.3 26.00 125.00 151.00 OK

Check Details

Version: 0.3.3
Check: LazyData
Result: NOTE
     'LazyData' is specified without a 'data' directory
Flavors: r-devel-linux-x86_64-debian-clang, r-devel-linux-x86_64-debian-gcc, r-devel-linux-x86_64-fedora-clang, r-devel-linux-x86_64-fedora-gcc, r-devel-windows-x86_64, r-devel-windows-x86_64-gcc10-UCRT, r-patched-linux-x86_64, r-patched-solaris-x86, r-release-linux-x86_64, r-release-macos-arm64, r-release-macos-x86_64, r-release-windows-ix86+x86_64