CRAN Package Check Results for Package JBrowseR

Last updated on 2022-01-26 05:54:19 CET.

Flavor Version Tinstall Tcheck Ttotal Status Flags
r-devel-linux-x86_64-debian-clang 0.9.0 3.19 44.70 47.89 OK
r-devel-linux-x86_64-debian-gcc 0.9.0 2.15 35.15 37.30 OK
r-devel-linux-x86_64-fedora-clang 0.9.0 60.02 NOTE
r-devel-linux-x86_64-fedora-gcc 0.9.0 47.16 NOTE
r-devel-windows-x86_64-new-UL 0.9.0 51.00 75.00 126.00 OK
r-devel-windows-x86_64-new-TK 0.9.0 NOTE
r-patched-linux-x86_64 0.9.0 2.95 43.07 46.02 OK
r-release-linux-x86_64 0.9.0 2.68 43.61 46.29 OK
r-release-macos-arm64 0.9.0 NOTE
r-release-macos-x86_64 0.9.0 NOTE
r-release-windows-ix86+x86_64 0.9.0 8.00 55.00 63.00 OK
r-oldrel-macos-x86_64 0.9.0 NOTE
r-oldrel-windows-ix86+x86_64 0.9.0 9.00 57.00 66.00 OK

Check Details

Version: 0.9.0
Check: dependencies in R code
Result: NOTE
    Namespace in Imports field not imported from: ‘ids’
     All declared Imports should be used.
Flavors: r-devel-linux-x86_64-fedora-clang, r-devel-linux-x86_64-fedora-gcc, r-devel-windows-x86_64-new-TK, r-release-macos-arm64, r-release-macos-x86_64, r-oldrel-macos-x86_64