CRAN Package Check Results for Package JFE

Last updated on 2020-04-09 05:48:39 CEST.

Flavor Version Tinstall Tcheck Ttotal Status Flags
r-devel-linux-x86_64-debian-clang 2.1.3 16.64 127.17 143.81 OK
r-devel-linux-x86_64-debian-gcc 2.1.3 14.23 100.00 114.23 OK
r-devel-linux-x86_64-fedora-clang 2.1.3 202.53 NOTE
r-devel-linux-x86_64-fedora-gcc 2.1.3 187.24 NOTE
r-devel-windows-ix86+x86_64 2.1.3 33.00 210.00 243.00 OK
r-devel-windows-ix86+x86_64-gcc8 2.1.3 38.00 147.00 185.00 OK
r-patched-linux-x86_64 2.1.3 17.10 127.61 144.71 OK
r-patched-solaris-x86 2.1.3 275.40 NOTE
r-release-linux-x86_64 2.1.3 16.01 113.45 129.46 OK
r-release-windows-ix86+x86_64 2.1.3 50.00 190.00 240.00 OK
r-release-osx-x86_64 2.1.3 ERROR
r-oldrel-windows-ix86+x86_64 2.1.3 35.00 194.00 229.00 OK
r-oldrel-osx-x86_64 2.1.3 ERROR

Check Details

Version: 2.1.3
Check: dependencies in R code
Result: NOTE
    Namespaces in Imports field not imported from:
     ‘BurStFin’ ‘MASS’ ‘fAssets’ ‘timeDate’
     All declared Imports should be used.
Flavors: r-devel-linux-x86_64-fedora-clang, r-devel-linux-x86_64-fedora-gcc, r-patched-solaris-x86

Version: 2.1.3
Check: whether package can be installed
Result: ERROR
    Installation failed.
Flavors: r-release-osx-x86_64, r-oldrel-osx-x86_64