CRAN Package Check Results for Package JMI

Last updated on 2021-10-24 05:55:08 CEST.

Flavor Version Tinstall Tcheck Ttotal Status Flags
r-devel-linux-x86_64-debian-clang 0.1.0 29.57 24.03 53.60 NOTE
r-devel-linux-x86_64-debian-gcc 0.1.0 23.05 19.29 42.34 NOTE
r-devel-linux-x86_64-fedora-clang 0.1.0 95.88 NOTE
r-devel-linux-x86_64-fedora-gcc 0.1.0 74.83 NOTE
r-devel-windows-x86_64 0.1.0 44.00 43.00 87.00 NOTE
r-devel-windows-x86_64-gcc10-UCRT 0.1.0 NOTE
r-patched-linux-x86_64 0.1.0 26.01 23.93 49.94 NOTE
r-patched-solaris-x86 0.1.0 87.60 NOTE
r-release-linux-x86_64 0.1.0 29.93 23.95 53.88 NOTE
r-release-macos-arm64 0.1.0 NOTE
r-release-macos-x86_64 0.1.0 NOTE
r-release-windows-ix86+x86_64 0.1.0 60.00 64.00 124.00 NOTE
r-oldrel-macos-x86_64 0.1.0 OK
r-oldrel-windows-ix86+x86_64 0.1.0 86.00 64.00 150.00 OK

Check Details

Version: 0.1.0
Check: LazyData
Result: NOTE
     'LazyData' is specified without a 'data' directory
Flavors: r-devel-linux-x86_64-debian-clang, r-devel-linux-x86_64-debian-gcc, r-devel-linux-x86_64-fedora-clang, r-devel-linux-x86_64-fedora-gcc, r-devel-windows-x86_64, r-devel-windows-x86_64-gcc10-UCRT, r-patched-linux-x86_64, r-patched-solaris-x86, r-release-linux-x86_64, r-release-macos-arm64, r-release-macos-x86_64, r-release-windows-ix86+x86_64