CRAN Package Check Results for Package Jdmbs

Last updated on 2019-06-25 05:48:50 CEST.

Flavor Version Tinstall Tcheck Ttotal Status Flags
r-devel-linux-x86_64-debian-clang 1.3 2.39 27.40 29.79 OK
r-devel-linux-x86_64-debian-gcc 1.3 1.83 22.42 24.25 OK
r-devel-linux-x86_64-fedora-clang 1.3 36.85 NOTE
r-devel-linux-x86_64-fedora-gcc 1.3 34.98 NOTE
r-devel-windows-ix86+x86_64 1.3 8.00 60.00 68.00 OK
r-patched-linux-x86_64 1.3 2.44 27.72 30.16 OK
r-patched-solaris-x86 1.3 61.40 NOTE
r-release-linux-x86_64 1.3 2.33 27.99 30.32 OK
r-release-windows-ix86+x86_64 1.3 6.00 59.00 65.00 OK
r-release-osx-x86_64 1.3 NOTE
r-oldrel-windows-ix86+x86_64 1.3 4.00 37.00 41.00 OK
r-oldrel-osx-x86_64 1.3 NOTE

Check Details

Version: 1.3
Check: dependencies in R code
Result: NOTE
    Namespace in Imports field not imported from: ‘png’
     All declared Imports should be used.
Flavors: r-devel-linux-x86_64-fedora-clang, r-devel-linux-x86_64-fedora-gcc, r-patched-solaris-x86, r-release-osx-x86_64, r-oldrel-osx-x86_64