Last updated on 2022-07-05 05:52:54 CEST.
Flavor | Version | Tinstall | Tcheck | Ttotal | Status | Flags |
---|---|---|---|---|---|---|
r-devel-linux-x86_64-debian-clang | 1.0.3 | 11.11 | 65.42 | 76.53 | NOTE | |
r-devel-linux-x86_64-debian-gcc | 1.0.3 | 8.78 | 44.84 | 53.62 | NOTE | |
r-devel-linux-x86_64-fedora-clang | 1.0.3 | 100.32 | NOTE | |||
r-devel-linux-x86_64-fedora-gcc | 1.0.3 | 96.78 | NOTE | |||
r-devel-windows-x86_64 | 1.0.3 | 18.00 | 91.00 | 109.00 | NOTE | |
r-patched-linux-x86_64 | 1.0.3 | 10.19 | 60.46 | 70.65 | NOTE | |
r-release-linux-x86_64 | 1.0.3 | 10.85 | 58.77 | 69.62 | NOTE | |
r-release-macos-arm64 | 1.0.3 | 27.00 | NOTE | |||
r-release-macos-x86_64 | 1.0.3 | 36.00 | NOTE | |||
r-release-windows-x86_64 | 1.0.3 | 18.00 | 83.00 | 101.00 | NOTE | |
r-oldrel-macos-arm64 | 1.0.3 | 29.00 | NOTE | |||
r-oldrel-macos-x86_64 | 1.0.3 | 52.00 | NOTE | |||
r-oldrel-windows-ix86+x86_64 | 1.0.3 | 18.00 | 86.00 | 104.00 | NOTE |
Version: 1.0.3
Check: LazyData
Result: NOTE
'LazyData' is specified without a 'data' directory
Flavors: r-devel-linux-x86_64-debian-clang, r-devel-linux-x86_64-debian-gcc, r-devel-linux-x86_64-fedora-clang, r-devel-linux-x86_64-fedora-gcc, r-devel-windows-x86_64, r-patched-linux-x86_64, r-release-linux-x86_64, r-release-macos-arm64, r-release-macos-x86_64, r-release-windows-x86_64, r-oldrel-macos-arm64, r-oldrel-macos-x86_64, r-oldrel-windows-ix86+x86_64