Last updated on 2023-01-27 05:53:05 CET.
Flavor | Version | Tinstall | Tcheck | Ttotal | Status | Flags |
---|---|---|---|---|---|---|
r-devel-linux-x86_64-debian-clang | 2.4 | 70.31 | 99.75 | 170.06 | OK | |
r-devel-linux-x86_64-debian-gcc | 2.4 | 53.75 | 75.85 | 129.60 | OK | |
r-devel-linux-x86_64-fedora-clang | 2.4 | 242.19 | OK | |||
r-devel-linux-x86_64-fedora-gcc | 2.4 | 247.91 | OK | |||
r-devel-windows-x86_64 | 2.4 | 72.00 | 155.00 | 227.00 | OK | |
r-patched-linux-x86_64 | 2.4 | 52.74 | 95.18 | 147.92 | OK | |
r-release-linux-x86_64 | 2.4 | 53.81 | 96.63 | 150.44 | OK | |
r-release-macos-arm64 | 2.4 | 64.00 | NOTE | |||
r-release-macos-x86_64 | 2.4 | 84.00 | NOTE | |||
r-release-windows-x86_64 | 2.4 | 72.00 | 160.00 | 232.00 | OK | |
r-oldrel-macos-arm64 | 2.4 | 61.00 | NOTE | |||
r-oldrel-macos-x86_64 | 2.4 | 85.00 | NOTE | |||
r-oldrel-windows-ix86+x86_64 | 2.4 | 159.00 | 179.00 | 338.00 | NOTE |
Version: 2.4
Check: installed package size
Result: NOTE
installed size is 6.9Mb
sub-directories of 1Mb or more:
data 1.6Mb
libs 4.1Mb
Flavors: r-release-macos-arm64, r-release-macos-x86_64, r-oldrel-macos-arm64, r-oldrel-macos-x86_64, r-oldrel-windows-ix86+x86_64