CRAN Package Check Results for Package KPC

Last updated on 2021-06-14 05:50:35 CEST.

Flavor Version Tinstall Tcheck Ttotal Status Flags
r-devel-linux-x86_64-debian-clang 0.1.0 4.86 56.02 60.88 OK
r-devel-linux-x86_64-debian-gcc 0.1.0 4.42 41.54 45.96 OK
r-devel-linux-x86_64-fedora-clang 0.1.0 79.47 NOTE
r-devel-linux-x86_64-fedora-gcc 0.1.0 69.50 NOTE
r-devel-windows-x86_64 0.1.0 10.00 72.00 82.00 OK
r-devel-windows-x86_64-gcc10-UCRT 0.1.0 NOTE
r-patched-linux-x86_64 0.1.0 6.09 52.52 58.61 OK
r-patched-solaris-x86 0.1.0 104.10 NOTE
r-release-linux-x86_64 0.1.0 4.67 52.64 57.31 OK
r-release-macos-arm64 0.1.0 NOTE
r-release-macos-x86_64 0.1.0 NOTE
r-release-windows-ix86+x86_64 0.1.0 21.00 74.00 95.00 OK
r-oldrel-macos-x86_64 0.1.0 NOTE
r-oldrel-windows-ix86+x86_64 0.1.0 13.00 77.00 90.00 OK

Check Details

Version: 0.1.0
Check: dependencies in R code
Result: NOTE
    Namespace in Imports field not imported from: ‘gmp’
     All declared Imports should be used.
Flavors: r-devel-linux-x86_64-fedora-clang, r-devel-linux-x86_64-fedora-gcc, r-devel-windows-x86_64-gcc10-UCRT, r-patched-solaris-x86, r-release-macos-arm64, r-release-macos-x86_64, r-oldrel-macos-x86_64