CRAN Package Check Results for Package KScorrect

Last updated on 2020-02-27 05:48:50 CET.

Flavor Version Tinstall Tcheck Ttotal Status Flags
r-devel-linux-x86_64-debian-clang 1.4.0 3.16 29.38 32.54 OK
r-devel-linux-x86_64-debian-gcc 1.4.0 2.05 23.40 25.45 OK
r-devel-linux-x86_64-fedora-clang 1.4.0 41.93 OK
r-devel-linux-x86_64-fedora-gcc 1.4.0 37.78 OK
r-devel-windows-ix86+x86_64 1.4.0 6.00 41.00 47.00 OK
r-devel-windows-ix86+x86_64-gcc8 1.4.0 6.00 39.00 45.00 OK
r-patched-linux-x86_64 1.4.0 2.50 27.18 29.68 OK
r-patched-solaris-x86 1.4.0 54.00 OK
r-release-linux-x86_64 1.4.0 2.13 27.17 29.30 OK
r-release-windows-ix86+x86_64 1.4.0 5.00 36.00 41.00 OK
r-release-osx-x86_64 1.4.0 OK
r-oldrel-windows-ix86+x86_64 1.2.4 10.00 55.00 65.00 OK
r-oldrel-osx-x86_64 1.4.0 ERROR

Check Details

Version: 1.4.0
Check: package dependencies
Result: ERROR
    Package required and available but unsuitable version: ‘parallel’
    
    See section ‘The DESCRIPTION file’ in the ‘Writing R Extensions’
    manual.
Flavor: r-oldrel-osx-x86_64