CRAN Package Check Results for Package KarsTS

Last updated on 2019-06-25 05:48:50 CEST.

Flavor Version Tinstall Tcheck Ttotal Status Flags
r-devel-linux-x86_64-debian-clang 2.2 12.19 76.07 88.26 OK
r-devel-linux-x86_64-debian-gcc 2.2 9.69 60.39 70.08 OK
r-devel-linux-x86_64-fedora-clang 2.2 108.06 NOTE
r-devel-linux-x86_64-fedora-gcc 2.2 106.80 NOTE
r-devel-windows-ix86+x86_64 2.2 38.00 116.00 154.00 OK
r-patched-linux-x86_64 2.2 14.03 78.41 92.44 OK
r-patched-solaris-x86 2.2 144.60 NOTE
r-release-linux-x86_64 2.2 17.61 79.97 97.58 OK
r-release-windows-ix86+x86_64 2.2 26.00 95.00 121.00 OK
r-release-osx-x86_64 2.2 FAIL
r-oldrel-windows-ix86+x86_64 2.2 24.00 81.00 105.00 OK
r-oldrel-osx-x86_64 2.2 NOTE

Check Details

Version: 2.2
Check: dependencies in R code
Result: NOTE
    Namespace in Imports field not imported from: ‘stinepack’
     All declared Imports should be used.
Flavors: r-devel-linux-x86_64-fedora-clang, r-devel-linux-x86_64-fedora-gcc, r-patched-solaris-x86, r-oldrel-osx-x86_64

Version: 2.2
Check: dependencies in R code
Result: FAIL
    
Flavor: r-release-osx-x86_64