CRAN Package Check Results for Package LDlinkR

Last updated on 2022-01-20 05:50:26 CET.

Flavor Version Tinstall Tcheck Ttotal Status Flags
r-devel-linux-x86_64-debian-clang 1.1.2 NOTE
r-devel-linux-x86_64-debian-gcc 1.1.2 2.07 30.52 32.59 NOTE
r-devel-linux-x86_64-fedora-clang 1.1.2 53.03 NOTE
r-devel-linux-x86_64-fedora-gcc 1.1.2 41.50 NOTE
r-devel-windows-x86_64-new-UL 1.1.2 36.00 63.00 99.00 NOTE
r-devel-windows-x86_64-new-TK 1.1.2 NOTE
r-patched-linux-x86_64 1.1.2 2.69 37.26 39.95 NOTE
r-release-linux-x86_64 1.1.2 NOTE
r-release-macos-arm64 1.1.2 NOTE
r-release-macos-x86_64 1.1.2 NOTE
r-release-windows-ix86+x86_64 1.1.2 8.00 44.00 52.00 NOTE
r-oldrel-macos-x86_64 1.1.2 OK
r-oldrel-windows-ix86+x86_64 1.1.2 7.00 48.00 55.00 OK

Check Details

Version: 1.1.2
Check: LazyData
Result: NOTE
     'LazyData' is specified without a 'data' directory
Flavors: r-devel-linux-x86_64-debian-clang, r-devel-linux-x86_64-debian-gcc, r-devel-linux-x86_64-fedora-clang, r-devel-linux-x86_64-fedora-gcc, r-devel-windows-x86_64-new-UL, r-devel-windows-x86_64-new-TK, r-patched-linux-x86_64, r-release-linux-x86_64, r-release-macos-arm64, r-release-macos-x86_64, r-release-windows-ix86+x86_64