CRAN Package Check Results for Package LINselect

Last updated on 2019-10-23 05:46:31 CEST.

Flavor Version Tinstall Tcheck Ttotal Status Flags
r-devel-linux-x86_64-debian-clang 1.1.1 3.77 40.73 44.50 OK
r-devel-linux-x86_64-debian-gcc 1.1.1 2.82 31.18 34.00 OK
r-devel-linux-x86_64-fedora-clang 1.1.1 51.88 OK
r-devel-linux-x86_64-fedora-gcc 1.1.1 50.43 OK
r-devel-windows-ix86+x86_64 1.1.1 14.00 50.00 64.00 OK
r-patched-linux-x86_64 1.1.1 3.35 39.88 43.23 OK
r-patched-solaris-x86 1.1.1 73.20 OK
r-release-linux-x86_64 1.1.1 3.36 40.07 43.43 OK
r-release-windows-ix86+x86_64 1.1.1 14.00 56.00 70.00 OK
r-release-osx-x86_64 1.1.1 OK
r-oldrel-windows-ix86+x86_64 1.1 10.00 77.00 87.00 OK
r-oldrel-osx-x86_64 1.1.1 ERROR

Check Details

Version: 1.1.1
Check: whether package can be installed
Result: ERROR
    Installation failed.
Flavor: r-oldrel-osx-x86_64