CRAN Package Check Results for Package LMMsolver

Last updated on 2022-08-20 05:50:30 CEST.

Flavor Version Tinstall Tcheck Ttotal Status Flags
r-devel-linux-x86_64-debian-clang 1.0.2 37.46 96.28 133.74 OK
r-devel-linux-x86_64-debian-gcc 1.0.2 28.69 78.95 107.64 OK
r-devel-linux-x86_64-fedora-clang 1.0.3 185.12 NOTE
r-devel-linux-x86_64-fedora-gcc 1.0.3 176.21 NOTE
r-devel-windows-x86_64 1.0.3 59.00 170.00 229.00 OK
r-patched-linux-x86_64 1.0.2 28.82 87.57 116.39 OK
r-release-linux-x86_64 1.0.2 OK
r-release-macos-arm64 1.0.3 54.00 NOTE
r-release-macos-x86_64 1.0.2 74.00 NOTE
r-release-windows-x86_64 1.0.2 42.00 147.00 189.00 OK
r-oldrel-macos-arm64 1.0.3 49.00 NOTE
r-oldrel-macos-x86_64 1.0.2 72.00 NOTE
r-oldrel-windows-ix86+x86_64 1.0.3 90.00 163.00 253.00 OK

Check Details

Version: 1.0.3
Check: dependencies in R code
Result: NOTE
    Namespaces in Imports field not imported from:
     ‘agridat’ ‘ggplot2’ ‘maps’ ‘sp’
     All declared Imports should be used.
Flavors: r-devel-linux-x86_64-fedora-clang, r-devel-linux-x86_64-fedora-gcc, r-release-macos-arm64, r-oldrel-macos-arm64

Version: 1.0.2
Check: dependencies in R code
Result: NOTE
    Namespaces in Imports field not imported from:
     ‘Matrix’ ‘agridat’ ‘ggplot2’ ‘maps’ ‘sp’
     All declared Imports should be used.
Flavors: r-release-macos-x86_64, r-oldrel-macos-x86_64