CRAN Package Check Results for Package LPStimeSeries

Last updated on 2021-12-03 05:52:03 CET.

Flavor Version Tinstall Tcheck Ttotal Status Flags
r-devel-linux-x86_64-debian-clang 1.0-5 4.45 44.05 48.50 NOTE
r-devel-linux-x86_64-debian-gcc 1.0-5 3.40 35.30 38.70 NOTE
r-devel-linux-x86_64-fedora-clang 1.0-5 70.78 NOTE
r-devel-linux-x86_64-fedora-gcc 1.0-5 61.99 NOTE
r-devel-windows-x86_64-new-UL 1.0-5 10.00 83.00 93.00 NOTE
r-devel-windows-x86_64-new-TK 1.0-5 NOTE
r-devel-windows-x86_64-old 1.0-5 7.00 53.00 60.00 NOTE
r-patched-linux-x86_64 1.0-5 4.15 42.48 46.63 NOTE
r-patched-solaris-x86 1.0-5 94.60 NOTE
r-release-linux-x86_64 1.0-5 3.67 42.87 46.54 NOTE
r-release-macos-arm64 1.0-5 NOTE
r-release-macos-x86_64 1.0-5 NOTE
r-release-windows-ix86+x86_64 1.0-5 12.00 94.00 106.00 NOTE
r-oldrel-macos-x86_64 1.0-5 NOTE
r-oldrel-windows-ix86+x86_64 1.0-5 9.00 90.00 99.00 NOTE

Check Details

Version: 1.0-5
Check: R code for possible problems
Result: NOTE
    learnPattern.default: no visible global function definition for 'runif'
    plot.learnPattern: no visible global function definition for 'matplot'
    plotMDS: no visible global function definition for 'par'
    plotMDS: no visible global function definition for 'rainbow'
    plotMDS: no visible global function definition for 'pairs'
    visualizePattern: no visible global function definition for 'par'
    visualizePattern: no visible global function definition for 'points'
    visualizePattern: no visible global function definition for 'legend'
    Undefined global functions or variables:
     legend matplot pairs par points rainbow runif
    Consider adding
     importFrom("grDevices", "rainbow")
     importFrom("graphics", "legend", "matplot", "pairs", "par", "points")
     importFrom("stats", "runif")
    to your NAMESPACE file.
Flavors: r-devel-linux-x86_64-debian-clang, r-devel-linux-x86_64-debian-gcc, r-devel-linux-x86_64-fedora-clang, r-devel-linux-x86_64-fedora-gcc, r-devel-windows-x86_64-new-UL, r-devel-windows-x86_64-new-TK, r-devel-windows-x86_64-old, r-patched-linux-x86_64, r-patched-solaris-x86, r-release-linux-x86_64, r-release-macos-arm64, r-release-macos-x86_64, r-release-windows-ix86+x86_64, r-oldrel-macos-x86_64, r-oldrel-windows-ix86+x86_64

Version: 1.0-5
Check: compiled code
Result: NOTE
    File ‘LPStimeSeries/libs/LPStimeSeries.so’:
     Found no calls to: ‘R_registerRoutines’, ‘R_useDynamicSymbols’
    
    It is good practice to register native routines and to disable symbol
    search.
    
    See ‘Writing portable packages’ in the ‘Writing R Extensions’ manual.
Flavors: r-devel-linux-x86_64-fedora-clang, r-devel-linux-x86_64-fedora-gcc