CRAN Package Check Results for Package LSRS

Last updated on 2021-12-03 05:52:03 CET.

Flavor Version Tinstall Tcheck Ttotal Status Flags
r-devel-linux-x86_64-debian-clang 0.2.0 1.77 19.73 21.50 NOTE
r-devel-linux-x86_64-debian-gcc 0.2.0 1.64 15.51 17.15 NOTE
r-devel-linux-x86_64-fedora-clang 0.2.0 38.46 NOTE
r-devel-linux-x86_64-fedora-gcc 0.2.0 27.72 NOTE
r-devel-windows-x86_64-new-UL 0.2.0 6.00 52.00 58.00 NOTE
r-devel-windows-x86_64-new-TK 0.2.0 NOTE
r-devel-windows-x86_64-old 0.2.0 5.00 26.00 31.00 NOTE
r-patched-linux-x86_64 0.2.0 2.10 18.85 20.95 NOTE
r-patched-solaris-x86 0.2.0 41.40 NOTE
r-release-linux-x86_64 0.2.0 1.75 19.00 20.75 NOTE
r-release-macos-arm64 0.2.0 NOTE
r-release-macos-x86_64 0.2.0 NOTE
r-release-windows-ix86+x86_64 0.2.0 5.00 36.00 41.00 NOTE
r-oldrel-macos-x86_64 0.2.0 OK
r-oldrel-windows-ix86+x86_64 0.2.0 21.00 37.00 58.00 OK

Check Details

Version: 0.2.0
Check: LazyData
Result: NOTE
     'LazyData' is specified without a 'data' directory
Flavors: r-devel-linux-x86_64-debian-clang, r-devel-linux-x86_64-debian-gcc, r-devel-linux-x86_64-fedora-clang, r-devel-linux-x86_64-fedora-gcc, r-devel-windows-x86_64-new-UL, r-devel-windows-x86_64-new-TK, r-devel-windows-x86_64-old, r-patched-linux-x86_64, r-patched-solaris-x86, r-release-linux-x86_64, r-release-macos-arm64, r-release-macos-x86_64, r-release-windows-ix86+x86_64