CRAN Package Check Results for Package LabRS

Last updated on 2021-10-27 05:55:12 CEST.

Flavor Version Tinstall Tcheck Ttotal Status Flags
r-devel-linux-x86_64-debian-clang 0.1.0 2.46 23.94 26.40 NOTE
r-devel-linux-x86_64-debian-gcc 0.1.0 1.88 19.19 21.07 NOTE
r-devel-linux-x86_64-fedora-clang 0.1.0 43.80 NOTE
r-devel-linux-x86_64-fedora-gcc 0.1.0 33.47 NOTE
r-devel-windows-x86_64 0.1.0 4.00 45.00 49.00 OK
r-devel-windows-x86_64-gcc10-UCRT 0.1.0 OK
r-patched-linux-x86_64 0.1.0 2.63 23.41 26.04 NOTE
r-patched-solaris-x86 0.1.0 52.10 NOTE
r-release-linux-x86_64 0.1.0 2.19 23.53 25.72 NOTE
r-release-macos-arm64 0.1.0 OK
r-release-macos-x86_64 0.1.0 OK
r-release-windows-ix86+x86_64 0.1.0 4.00 45.00 49.00 OK
r-oldrel-macos-x86_64 0.1.0 OK
r-oldrel-windows-ix86+x86_64 0.1.0 6.00 43.00 49.00 OK

Check Details

Version: 0.1.0
Check: for non-standard things in the check directory
Result: NOTE
    Found the following files/directories:
     'MYSLID.csv' 'tabelle.csv'
Flavors: r-devel-linux-x86_64-debian-clang, r-devel-linux-x86_64-debian-gcc, r-devel-linux-x86_64-fedora-clang, r-devel-linux-x86_64-fedora-gcc, r-patched-linux-x86_64, r-patched-solaris-x86, r-release-linux-x86_64

Version: 0.1.0
Check: Rd cross-references
Result: NOTE
    Undeclared packages ‘carData’, ‘factoextra’, ‘labstatR’ in Rd xrefs
Flavor: r-devel-linux-x86_64-fedora-clang