CRAN Package Check Results for Package LambertW

Last updated on 2019-12-14 05:47:33 CET.

Flavor Version Tinstall Tcheck Ttotal Status Flags
r-devel-linux-x86_64-debian-clang 0.6.4 69.13 130.19 199.32 WARN
r-devel-linux-x86_64-debian-gcc 0.6.4 39.69 99.61 139.30 OK
r-devel-linux-x86_64-fedora-clang 0.6.4 604.21 WARN
r-devel-linux-x86_64-fedora-gcc 0.6.4 546.72 NOTE
r-devel-windows-ix86+x86_64 0.6.4 131.00 187.00 318.00 OK
r-devel-windows-ix86+x86_64-gcc8 0.6.4 123.00 266.00 389.00 OK
r-patched-linux-x86_64 0.6.4 49.73 110.90 160.63 OK
r-patched-solaris-x86 0.6.4 1034.40 OK
r-release-linux-x86_64 0.6.4 50.84 112.83 163.67 OK
r-release-windows-ix86+x86_64 0.6.4 103.00 177.00 280.00 OK
r-release-osx-x86_64 0.6.4 WARN
r-oldrel-windows-ix86+x86_64 0.6.4 110.00 219.00 329.00 OK
r-oldrel-osx-x86_64 0.6.4 WARN

Check Details

Version: 0.6.4
Check: whether package can be installed
Result: WARN
    Found the following significant warnings:
     W_gamma_Cpp.cpp:14:39: warning: explicitly assigning value of variable of type 'int' to itself [-Wself-assign]
Flavors: r-devel-linux-x86_64-debian-clang, r-devel-linux-x86_64-fedora-clang, r-release-osx-x86_64, r-oldrel-osx-x86_64

Version: 0.6.4
Check: compiled code
Result: NOTE
    File ‘LambertW/libs/LambertW.so’:
     Found no calls to: ‘R_registerRoutines’, ‘R_useDynamicSymbols’
    
    It is good practice to register native routines and to disable symbol
    search.
    
    See ‘Writing portable packages’ in the ‘Writing R Extensions’ manual.
Flavors: r-devel-linux-x86_64-fedora-clang, r-devel-linux-x86_64-fedora-gcc