CRAN Package Check Results for Package LambertW

Last updated on 2019-08-21 05:46:55 CEST.

Flavor Version Tinstall Tcheck Ttotal Status Flags
r-devel-linux-x86_64-debian-clang 0.6.4 57.38 115.27 172.65 WARN
r-devel-linux-x86_64-debian-gcc 0.6.4 41.21 90.21 131.42 OK
r-devel-linux-x86_64-fedora-clang 0.6.4 557.66 WARN
r-devel-linux-x86_64-fedora-gcc 0.6.4 545.46 NOTE
r-devel-windows-ix86+x86_64 0.6.4 142.00 224.00 366.00 OK
r-patched-linux-x86_64 0.6.4 45.81 114.49 160.30 OK
r-patched-solaris-x86 0.6.4 1025.80 OK
r-release-linux-x86_64 0.6.4 46.95 112.36 159.31 OK
r-release-windows-ix86+x86_64 0.6.4 92.00 172.00 264.00 OK
r-release-osx-x86_64 0.6.4 WARN
r-oldrel-windows-ix86+x86_64 0.6.4 127.00 267.00 394.00 OK
r-oldrel-osx-x86_64 0.6.4 WARN

Check Details

Version: 0.6.4
Check: whether package can be installed
Result: WARN
    Found the following significant warnings:
     W_gamma_Cpp.cpp:14:39: warning: explicitly assigning value of variable of type 'int' to itself [-Wself-assign]
Flavors: r-devel-linux-x86_64-debian-clang, r-devel-linux-x86_64-fedora-clang, r-release-osx-x86_64, r-oldrel-osx-x86_64

Version: 0.6.4
Check: compiled code
Result: NOTE
    File ‘LambertW/libs/LambertW.so’:
     Found no calls to: ‘R_registerRoutines’, ‘R_useDynamicSymbols’
    
    It is good practice to register native routines and to disable symbol
    search.
    
    See ‘Writing portable packages’ in the ‘Writing R Extensions’ manual.
Flavors: r-devel-linux-x86_64-fedora-clang, r-devel-linux-x86_64-fedora-gcc