CRAN Package Check Results for Package LifeTables

Last updated on 2021-09-21 05:51:15 CEST.

Flavor Version Tinstall Tcheck Ttotal Status Flags
r-devel-linux-x86_64-debian-clang 1.0 3.36 30.83 34.19 NOTE
r-devel-linux-x86_64-debian-gcc 1.0 2.20 23.41 25.61 NOTE
r-devel-linux-x86_64-fedora-clang 1.0 51.15 NOTE
r-devel-linux-x86_64-fedora-gcc 1.0 40.81 NOTE
r-devel-windows-x86_64 1.0 8.00 38.00 46.00 OK
r-devel-windows-x86_64-gcc10-UCRT 1.0 ERROR
r-patched-linux-x86_64 1.0 4.14 29.99 34.13 NOTE
r-patched-solaris-x86 1.0 61.70 NOTE
r-release-linux-x86_64 1.0 2.68 29.93 32.61 NOTE
r-release-macos-arm64 1.0 NOTE
r-release-macos-x86_64 1.0 NOTE
r-release-windows-ix86+x86_64 1.0 7.00 48.00 55.00 OK
r-oldrel-macos-x86_64 1.0 NOTE
r-oldrel-windows-ix86+x86_64 1.0 7.00 37.00 44.00 OK

Check Details

Version: 1.0
Check: package dependencies
Result: NOTE
    Packages suggested but not available for checking:
     'gWidgets', 'gWidgetsRGtk2'
Flavors: r-devel-linux-x86_64-debian-clang, r-devel-linux-x86_64-debian-gcc, r-devel-linux-x86_64-fedora-clang, r-devel-linux-x86_64-fedora-gcc, r-devel-windows-x86_64-gcc10-UCRT, r-patched-linux-x86_64, r-patched-solaris-x86, r-release-linux-x86_64, r-release-macos-x86_64, r-oldrel-macos-x86_64

Version: 1.0
Check: whether package can be installed
Result: WARN
    Found the following significant warnings:
     WARNING: installation-time patches will not be applied, could not get the patches index
Flavor: r-devel-windows-x86_64-gcc10-UCRT

Version: 1.0
Check: PDF version of manual
Result: WARN
    LaTeX errors when creating PDF version.
    This typically indicates Rd problems.
Flavor: r-devel-windows-x86_64-gcc10-UCRT

Version: 1.0
Check: PDF version of manual without hyperrefs or index
Result: ERROR
    Re-running with no redirection of stdout/stderr.
Flavor: r-devel-windows-x86_64-gcc10-UCRT

Version: 1.0
Check: package dependencies
Result: NOTE
    Packages suggested but not available for checking:
     'gWidgets', 'gWidgetsRGtk2', 'RGtk2'
Flavor: r-release-macos-arm64