Last updated on 2023-02-02 06:03:32 CET.
Flavor | Version | Tinstall | Tcheck | Ttotal | Status | Flags |
---|---|---|---|---|---|---|
r-devel-linux-x86_64-debian-clang | 1.2.2 | 13.55 | 112.58 | 126.13 | OK | |
r-devel-linux-x86_64-debian-gcc | 1.2.2 | 10.73 | 83.01 | 93.74 | OK | |
r-devel-linux-x86_64-fedora-clang | 1.2.2 | 162.54 | NOTE | |||
r-devel-linux-x86_64-fedora-gcc | 1.2.2 | 190.20 | NOTE | |||
r-patched-linux-x86_64 | 1.2.2 | 11.77 | 109.88 | 121.65 | OK | |
r-release-linux-x86_64 | 1.2.2 | 11.06 | 114.86 | 125.92 | OK | |
r-release-macos-arm64 | 1.2.2 | 43.00 | NOTE | |||
r-release-macos-x86_64 | 1.2.2 | 67.00 | NOTE | |||
r-release-windows-x86_64 | 1.2.2 | 27.00 | 156.00 | 183.00 | OK | |
r-oldrel-macos-arm64 | 1.2.2 | 41.00 | NOTE | |||
r-oldrel-macos-x86_64 | 1.2.2 | 64.00 | NOTE | |||
r-oldrel-windows-ix86+x86_64 | 1.2.2 | 29.00 | 135.00 | 164.00 | OK |
Version: 1.2.2
Check: dependencies in R code
Result: NOTE
Namespaces in Imports field not imported from:
‘SnowballC’ ‘data.table’ ‘e1071’ ‘fastmatch’
All declared Imports should be used.
Flavors: r-devel-linux-x86_64-fedora-clang, r-devel-linux-x86_64-fedora-gcc, r-release-macos-arm64, r-release-macos-x86_64, r-oldrel-macos-arm64, r-oldrel-macos-x86_64