Last updated on 2021-01-15 05:48:54 CET.
Flavor | Version | Tinstall | Tcheck | Ttotal | Status | Flags |
---|---|---|---|---|---|---|
r-devel-linux-x86_64-debian-clang | 0.9.10 | 115.98 | 350.45 | 466.43 | OK | |
r-devel-linux-x86_64-debian-gcc | 0.9.10 | 79.85 | 257.88 | 337.73 | OK | |
r-devel-linux-x86_64-fedora-clang | 0.9.10 | 598.00 | NOTE | |||
r-devel-linux-x86_64-fedora-gcc | 0.9.10 | 550.30 | OK | |||
r-devel-windows-ix86+x86_64 | 0.9.10 | 235.00 | 613.00 | 848.00 | NOTE | |
r-patched-linux-x86_64 | 0.9.10 | 92.95 | 321.29 | 414.24 | OK | |
r-patched-solaris-x86 | 0.9.10 | 630.10 | OK | |||
r-release-linux-x86_64 | 0.9.10 | 91.63 | 320.09 | 411.72 | OK | |
r-release-macos-x86_64 | 0.9.10 | NOTE | ||||
r-release-windows-ix86+x86_64 | 0.9.10 | 187.00 | 500.00 | 687.00 | NOTE | |
r-oldrel-macos-x86_64 | 0.9.10 | NOTE | ||||
r-oldrel-windows-ix86+x86_64 | 0.9.10 | 146.00 | 400.00 | 546.00 | NOTE |
Version: 0.9.10
Check: installed package size
Result: NOTE
installed size is 6.4Mb
sub-directories of 1Mb or more:
R 1.6Mb
help 1.2Mb
libs 2.4Mb
Flavors: r-devel-linux-x86_64-fedora-clang, r-devel-windows-ix86+x86_64, r-release-macos-x86_64, r-release-windows-ix86+x86_64, r-oldrel-macos-x86_64, r-oldrel-windows-ix86+x86_64