Last updated on 2023-01-31 06:01:09 CET.
Flavor | Version | Tinstall | Tcheck | Ttotal | Status | Flags |
---|---|---|---|---|---|---|
r-devel-linux-x86_64-debian-clang | 1.1.4 | 118.88 | 181.00 | 299.88 | NOTE | |
r-devel-linux-x86_64-debian-gcc | 1.1.4 | 108.64 | 135.28 | 243.92 | NOTE | |
r-devel-linux-x86_64-fedora-clang | 1.1.4 | 368.53 | NOTE | |||
r-devel-linux-x86_64-fedora-gcc | 1.1.4 | 424.58 | NOTE | |||
r-devel-windows-x86_64 | 1.1.4 | 110.00 | 248.00 | 358.00 | NOTE | |
r-patched-linux-x86_64 | 1.1.4 | 110.06 | 177.75 | 287.81 | NOTE | |
r-release-linux-x86_64 | 1.1.4 | 110.30 | 181.65 | 291.95 | NOTE | |
r-release-macos-arm64 | 1.1.4 | 97.00 | NOTE | |||
r-release-macos-x86_64 | 1.1.4 | 150.00 | NOTE | |||
r-release-windows-x86_64 | 1.1.4 | 106.00 | 268.00 | 374.00 | NOTE | |
r-oldrel-macos-arm64 | 1.1.4 | 89.00 | NOTE | |||
r-oldrel-macos-x86_64 | 1.1.4 | 152.00 | NOTE | |||
r-oldrel-windows-ix86+x86_64 | 1.1.4 | 279.00 | 305.00 | 584.00 | NOTE |
Version: 1.1.4
Check: for GNU extensions in Makefiles
Result: NOTE
GNU make is a SystemRequirements.
Flavors: r-devel-linux-x86_64-debian-clang, r-devel-linux-x86_64-debian-gcc, r-devel-linux-x86_64-fedora-clang, r-devel-linux-x86_64-fedora-gcc, r-devel-windows-x86_64, r-patched-linux-x86_64, r-release-linux-x86_64, r-release-macos-arm64, r-release-macos-x86_64, r-release-windows-x86_64, r-oldrel-macos-arm64, r-oldrel-macos-x86_64, r-oldrel-windows-ix86+x86_64
Version: 1.1.4
Check: C++ specification
Result: NOTE
Specified C++14: please update to current default of C++17
Flavors: r-devel-linux-x86_64-debian-gcc, r-devel-linux-x86_64-fedora-clang, r-devel-linux-x86_64-fedora-gcc, r-devel-windows-x86_64
Version: 1.1.4
Check: installed package size
Result: NOTE
installed size is 32.8Mb
sub-directories of 1Mb or more:
libs 32.4Mb
Flavors: r-release-macos-arm64, r-release-macos-x86_64, r-oldrel-macos-arm64, r-oldrel-macos-x86_64