CRAN Package Check Results for Package MALDIrppa

Last updated on 2021-09-28 05:48:47 CEST.

Flavor Version Tinstall Tcheck Ttotal Status Flags
r-devel-linux-x86_64-debian-clang 1.0.5 46.27 121.38 167.65 OK
r-devel-linux-x86_64-debian-gcc 1.0.5 31.67 94.57 126.24 OK
r-devel-linux-x86_64-fedora-clang 1.0.5 207.37 NOTE
r-devel-linux-x86_64-fedora-gcc 1.0.5 196.03 OK
r-devel-windows-x86_64 1.0.5 58.00 111.00 169.00 OK
r-devel-windows-x86_64-gcc10-UCRT 1.0.5 OK
r-patched-linux-x86_64 1.0.5 38.07 116.45 154.52 OK
r-patched-solaris-x86 1.0.5 328.80 OK
r-release-linux-x86_64 1.0.5 35.17 117.83 153.00 OK
r-release-macos-arm64 1.0.5 NOTE
r-release-macos-x86_64 1.0.5 NOTE
r-release-windows-ix86+x86_64 1.0.5 142.00 242.00 384.00 OK
r-oldrel-macos-x86_64 1.0.5 NOTE
r-oldrel-windows-ix86+x86_64 1.0.5 110.00 186.00 296.00 OK

Additional issues

donttest donttest

Check Details

Version: 1.0.5
Check: installed package size
Result: NOTE
     installed size is 5.4Mb
     sub-directories of 1Mb or more:
     include 1.1Mb
     libs 2.5Mb
Flavors: r-devel-linux-x86_64-fedora-clang, r-release-macos-arm64, r-release-macos-x86_64, r-oldrel-macos-x86_64