CRAN Package Check Results for Package MAd

Last updated on 2021-12-06 05:53:14 CET.

Flavor Version Tinstall Tcheck Ttotal Status Flags
r-devel-linux-x86_64-debian-clang 0.8-2.1 5.98 59.36 65.34 NOTE
r-devel-linux-x86_64-debian-gcc 0.8-2.1 4.73 45.36 50.09 NOTE
r-devel-linux-x86_64-fedora-clang 0.8-2.1 81.96 NOTE
r-devel-linux-x86_64-fedora-gcc 0.8-2.1 71.80 NOTE
r-devel-windows-x86_64-new-UL 0.8-2.1 22.00 90.00 112.00 NOTE
r-devel-windows-x86_64-new-TK 0.8-2.1 NOTE
r-devel-windows-x86_64-old 0.8-2.1 10.00 55.00 65.00 NOTE
r-patched-linux-x86_64 0.8-2.1 7.33 47.45 54.78 NOTE
r-release-linux-x86_64 0.8-2.1 6.57 56.41 62.98 NOTE
r-release-macos-arm64 0.8-2.1 NOTE
r-release-macos-x86_64 0.8-2.1 NOTE
r-release-windows-ix86+x86_64 0.8-2.1 11.00 73.00 84.00 NOTE
r-oldrel-macos-x86_64 0.8-2.1 NOTE
r-oldrel-windows-ix86+x86_64 0.8-2.1 11.00 76.00 87.00 NOTE

Check Details

Version: 0.8-2.1
Check: package dependencies
Result: NOTE
    Package suggested but not available for checking: 'R2wd'
Flavors: r-devel-linux-x86_64-debian-clang, r-devel-linux-x86_64-debian-gcc, r-devel-linux-x86_64-fedora-clang, r-devel-linux-x86_64-fedora-gcc, r-patched-linux-x86_64, r-release-linux-x86_64, r-release-macos-arm64, r-release-macos-x86_64, r-oldrel-macos-x86_64

Version: 0.8-2.1
Check: dependencies in R code
Result: NOTE
    'library' or 'require' calls in package code:
     'R2wd' 'ggplot2' 'metafor'
     Please use :: or requireNamespace() instead.
     See section 'Suggested packages' in the 'Writing R Extensions' manual.
Flavors: r-devel-linux-x86_64-debian-clang, r-devel-linux-x86_64-debian-gcc, r-devel-linux-x86_64-fedora-clang, r-devel-linux-x86_64-fedora-gcc, r-devel-windows-x86_64-new-UL, r-devel-windows-x86_64-new-TK, r-devel-windows-x86_64-old, r-patched-linux-x86_64, r-release-linux-x86_64, r-release-macos-arm64, r-release-macos-x86_64, r-release-windows-ix86+x86_64, r-oldrel-macos-x86_64, r-oldrel-windows-ix86+x86_64