CRAN Package Check Results for Package MBNMAdose

Last updated on 2021-09-24 05:55:32 CEST.

Flavor Version Tinstall Tcheck Ttotal Status Flags
r-devel-linux-x86_64-debian-clang 0.3.0 8.77 257.16 265.93 OK
r-devel-linux-x86_64-debian-gcc 0.3.0 8.73 181.24 189.97 OK
r-devel-linux-x86_64-fedora-clang 0.3.0 353.17 NOTE
r-devel-linux-x86_64-fedora-gcc 0.3.0 323.42 NOTE
r-devel-windows-x86_64 0.3.0 10.00 247.00 257.00 OK
r-devel-windows-x86_64-gcc10-UCRT 0.3.0 NOTE
r-patched-linux-x86_64 0.3.0 9.76 249.73 259.49 OK
r-patched-solaris-x86 0.3.0 145.00 NOTE
r-release-linux-x86_64 0.3.0 9.43 252.55 261.98 OK
r-release-macos-arm64 0.3.0 NOTE
r-release-macos-x86_64 0.3.0 NOTE
r-release-windows-ix86+x86_64 0.3.0 17.00 320.00 337.00 OK
r-oldrel-macos-x86_64 0.3.0 NOTE
r-oldrel-windows-ix86+x86_64 0.3.0 13.00 244.00 257.00 OK

Check Details

Version: 0.3.0
Check: dependencies in R code
Result: NOTE
    Namespaces in Imports field not imported from:
     ‘formatR’ ‘utf8’
     All declared Imports should be used.
Flavors: r-devel-linux-x86_64-fedora-clang, r-devel-linux-x86_64-fedora-gcc, r-devel-windows-x86_64-gcc10-UCRT, r-patched-solaris-x86, r-release-macos-arm64, r-release-macos-x86_64, r-oldrel-macos-x86_64

Version: 0.3.0
Check: data for non-ASCII characters
Result: NOTE
     Note: found 6 marked Latin-1 strings
Flavors: r-devel-linux-x86_64-fedora-clang, r-devel-linux-x86_64-fedora-gcc, r-devel-windows-x86_64-gcc10-UCRT, r-patched-solaris-x86, r-release-macos-arm64, r-release-macos-x86_64, r-oldrel-macos-x86_64