CRAN Package Check Results for Package MESS

Last updated on 2021-01-18 05:47:31 CET.

Flavor Version Tinstall Tcheck Ttotal Status Flags
r-devel-linux-x86_64-debian-clang 0.5.7 266.44 129.35 395.79 OK
r-devel-linux-x86_64-debian-gcc 0.5.7 159.57 97.13 256.70 OK
r-devel-linux-x86_64-fedora-clang 0.5.7 528.42 NOTE
r-devel-linux-x86_64-fedora-gcc 0.5.7 485.21 OK
r-devel-windows-ix86+x86_64 0.5.7 434.00 188.00 622.00 NOTE
r-patched-linux-x86_64 0.5.7 151.35 119.21 270.56 OK
r-patched-solaris-x86 0.5.7 446.10 OK
r-release-linux-x86_64 0.5.7 196.49 119.43 315.92 OK
r-release-macos-x86_64 0.5.7 NOTE
r-release-windows-ix86+x86_64 0.5.7 455.00 200.00 655.00 NOTE
r-oldrel-macos-x86_64 0.5.7 NOTE
r-oldrel-windows-ix86+x86_64 0.5.7 518.00 224.00 742.00 NOTE

Check Details

Version: 0.5.7
Check: installed package size
Result: NOTE
     installed size is 10.2Mb
     sub-directories of 1Mb or more:
     data 2.8Mb
     libs 7.0Mb
Flavors: r-devel-linux-x86_64-fedora-clang, r-devel-windows-ix86+x86_64, r-release-macos-x86_64, r-release-windows-ix86+x86_64, r-oldrel-macos-x86_64, r-oldrel-windows-ix86+x86_64