CRAN Package Check Results for Package MFKnockoffs

Last updated on 2019-10-17 05:47:09 CEST.

Flavor Version Tinstall Tcheck Ttotal Status Flags
r-devel-linux-x86_64-debian-clang 0.9.1 3.22 947.16 950.38 OK
r-devel-linux-x86_64-debian-gcc 0.9.1 2.27 681.00 683.27 OK
r-devel-linux-x86_64-fedora-clang 0.9.1 1190.19 OK
r-devel-linux-x86_64-fedora-gcc 0.9.1 1174.90 OK
r-devel-windows-ix86+x86_64 0.9.1 10.00 1152.00 1162.00 NOTE
r-patched-linux-x86_64 0.9.1 2.18 929.59 931.77 OK
r-patched-solaris-x86 0.9.1 2991.40 OK
r-release-linux-x86_64 0.9.1 2.54 944.14 946.68 OK
r-release-windows-ix86+x86_64 0.9.1 6.00 909.00 915.00 NOTE
r-release-osx-x86_64 0.9.1 FAIL
r-oldrel-windows-ix86+x86_64 0.9.1 4.00 829.00 833.00 NOTE
r-oldrel-osx-x86_64 0.9.1 FAIL

Check Details

Version: 0.9.1
Check: package dependencies
Result: NOTE
    Package suggested but not available for checking: 'doMC'
Flavors: r-devel-windows-ix86+x86_64, r-release-windows-ix86+x86_64, r-oldrel-windows-ix86+x86_64

Version: 0.9.1
Check: re-building of vignette outputs
Result: FAIL
    
Flavor: r-release-osx-x86_64

Version: 0.9.1
Check: re-building of vignette outputs
Result: WARN
    Error in re-building vignettes:
     ...
    Warning in engine$weave(file, quiet = quiet, encoding = enc) :
     Pandoc (>= 1.12.3) and/or pandoc-citeproc not available. Falling back to R Markdown v1.
    Loading required package: Matrix
    Loading required package: foreach
    Loaded glmnet 2.0-16
    
    
    Execution halted
Flavor: r-oldrel-osx-x86_64

Version: 0.9.1
Check: PDF version of manual
Result: FAIL
    
Flavor: r-oldrel-osx-x86_64