CRAN Package Check Results for Package MHMM

Last updated on 2021-01-18 05:47:32 CET.

Flavor Version Tinstall Tcheck Ttotal Status Flags
r-devel-linux-x86_64-debian-clang 1.0.0 73.30 61.80 135.10 OK
r-devel-linux-x86_64-debian-gcc 1.0.0 50.77 46.33 97.10 OK
r-devel-linux-x86_64-fedora-clang 1.0.0 188.53 OK
r-devel-linux-x86_64-fedora-gcc 1.0.0 174.95 OK
r-devel-windows-ix86+x86_64 1.0.0 129.00 106.00 235.00 OK
r-patched-linux-x86_64 1.0.0 60.94 57.88 118.82 OK
r-patched-solaris-x86 1.0.0 182.80 OK
r-release-linux-x86_64 1.0.0 57.62 58.12 115.74 OK
r-release-macos-x86_64 1.0.0 NOTE
r-release-windows-ix86+x86_64 1.0.0 137.00 116.00 253.00 OK
r-oldrel-macos-x86_64 1.0.0 NOTE
r-oldrel-windows-ix86+x86_64 1.0.0 155.00 131.00 286.00 OK

Additional issues

clang-UBSAN

Check Details

Version: 1.0.0
Check: installed package size
Result: NOTE
     installed size is 5.2Mb
     sub-directories of 1Mb or more:
     libs 5.0Mb
Flavors: r-release-macos-x86_64, r-oldrel-macos-x86_64