CRAN Package Check Results for Package MInt

Last updated on 2019-09-18 05:47:03 CEST.

Flavor Version Tinstall Tcheck Ttotal Status Flags
r-devel-linux-x86_64-debian-clang 1.0.1 2.69 31.65 34.34 NOTE
r-devel-linux-x86_64-debian-gcc 1.0.1 2.14 25.14 27.28 NOTE
r-devel-linux-x86_64-fedora-clang 1.0.1 42.71 NOTE
r-devel-linux-x86_64-fedora-gcc 1.0.1 41.32 NOTE
r-devel-windows-ix86+x86_64 1.0.1 10.00 46.00 56.00 NOTE
r-patched-linux-x86_64 1.0.1 2.28 30.92 33.20 NOTE
r-patched-solaris-x86 1.0.1 65.10 NOTE
r-release-linux-x86_64 1.0.1 2.22 30.86 33.08 NOTE
r-release-windows-ix86+x86_64 1.0.1 6.00 46.00 52.00 NOTE
r-release-osx-x86_64 1.0.1 NOTE
r-oldrel-windows-ix86+x86_64 1.0.1 5.00 47.00 52.00 NOTE
r-oldrel-osx-x86_64 1.0.1 NOTE

Check Details

Version: 1.0.1
Check: R code for possible problems
Result: NOTE
    read_design: no visible global function definition for 'model.frame'
    read_design: no visible global function definition for 'read.table'
    read_design: no visible global function definition for 'model.matrix'
    read_response: no visible global function definition for 'read.table'
    update_beta: no visible global function definition for 'update'
    update_beta: no visible global function definition for 'glm'
    update_beta: no visible global function definition for 'poisson'
    Undefined global functions or variables:
     glm model.frame model.matrix poisson read.table update
    Consider adding
     importFrom("stats", "glm", "model.frame", "model.matrix", "poisson",
     "update")
     importFrom("utils", "read.table")
    to your NAMESPACE file.
Flavors: r-devel-linux-x86_64-debian-clang, r-devel-linux-x86_64-debian-gcc, r-devel-linux-x86_64-fedora-clang, r-devel-linux-x86_64-fedora-gcc, r-devel-windows-ix86+x86_64, r-patched-linux-x86_64, r-patched-solaris-x86, r-release-linux-x86_64, r-release-windows-ix86+x86_64, r-release-osx-x86_64, r-oldrel-windows-ix86+x86_64, r-oldrel-osx-x86_64