CRAN Package Check Results for Package MInt

Last updated on 2020-02-27 05:48:52 CET.

Flavor Version Tinstall Tcheck Ttotal Status Flags
r-devel-linux-x86_64-debian-clang 1.0.1 3.01 35.65 38.66 NOTE
r-devel-linux-x86_64-debian-gcc 1.0.1 2.26 27.91 30.17 NOTE
r-devel-linux-x86_64-fedora-clang 1.0.1 51.24 NOTE
r-devel-linux-x86_64-fedora-gcc 1.0.1 45.38 NOTE
r-devel-windows-ix86+x86_64 1.0.1 7.00 45.00 52.00 NOTE
r-devel-windows-ix86+x86_64-gcc8 1.0.1 7.00 46.00 53.00 NOTE
r-patched-linux-x86_64 1.0.1 2.22 32.56 34.78 NOTE
r-patched-solaris-x86 1.0.1 67.20 NOTE
r-release-linux-x86_64 1.0.1 2.09 32.12 34.21 NOTE
r-release-windows-ix86+x86_64 1.0.1 6.00 41.00 47.00 NOTE
r-release-osx-x86_64 1.0.1 NOTE
r-oldrel-windows-ix86+x86_64 1.0.1 4.00 42.00 46.00 NOTE
r-oldrel-osx-x86_64 1.0.1 NOTE

Check Details

Version: 1.0.1
Check: R code for possible problems
Result: NOTE
    read_design: no visible global function definition for 'model.frame'
    read_design: no visible global function definition for 'read.table'
    read_design: no visible global function definition for 'model.matrix'
    read_response: no visible global function definition for 'read.table'
    update_beta: no visible global function definition for 'update'
    update_beta: no visible global function definition for 'glm'
    update_beta: no visible global function definition for 'poisson'
    Undefined global functions or variables:
     glm model.frame model.matrix poisson read.table update
    Consider adding
     importFrom("stats", "glm", "model.frame", "model.matrix", "poisson",
     "update")
     importFrom("utils", "read.table")
    to your NAMESPACE file.
Flavors: r-devel-linux-x86_64-debian-clang, r-devel-linux-x86_64-debian-gcc, r-devel-linux-x86_64-fedora-clang, r-devel-linux-x86_64-fedora-gcc, r-devel-windows-ix86+x86_64, r-devel-windows-ix86+x86_64-gcc8, r-patched-linux-x86_64, r-patched-solaris-x86, r-release-linux-x86_64, r-release-windows-ix86+x86_64, r-release-osx-x86_64, r-oldrel-windows-ix86+x86_64, r-oldrel-osx-x86_64