CRAN Package Check Results for Package MLGL

Last updated on 2022-01-28 05:49:02 CET.

Flavor Version Tinstall Tcheck Ttotal Status Flags
r-devel-linux-x86_64-debian-clang 0.6.5 14.69 113.93 128.62 OK
r-devel-linux-x86_64-debian-gcc 0.6.5 9.64 89.28 98.92 OK
r-devel-linux-x86_64-fedora-clang 0.6.5 145.39 OK
r-devel-linux-x86_64-fedora-gcc 0.6.5 140.74 OK
r-devel-windows-x86_64-new-UL 0.6.5 46.00 136.00 182.00 OK
r-devel-windows-x86_64-new-TK 0.6.5 ERROR
r-patched-linux-x86_64 0.6.5 16.36 103.69 120.05 OK
r-release-linux-x86_64 0.6.5 13.15 104.09 117.24 OK
r-release-macos-arm64 0.6.5 OK
r-release-macos-x86_64 0.6.5 OK
r-release-windows-ix86+x86_64 0.6.5 30.00 127.00 157.00 OK
r-oldrel-macos-x86_64 0.6.5 OK
r-oldrel-windows-ix86+x86_64 0.6.5 28.00 126.00 154.00 OK

Check Details

Version: 0.6.5
Check: package dependencies
Result: ERROR
    Package required but not available: 'FactoMineR'
    
    See section 'The DESCRIPTION file' in the 'Writing R Extensions'
    manual.
Flavor: r-devel-windows-x86_64-new-TK