CRAN Package Check Results for Package MLZ

Last updated on 2022-08-09 05:55:47 CEST.

Flavor Version Tinstall Tcheck Ttotal Status Flags
r-devel-linux-x86_64-debian-clang 0.1.4 145.40 152.12 297.52 NOTE
r-devel-linux-x86_64-debian-gcc 0.1.4 98.62 115.56 214.18 NOTE
r-devel-linux-x86_64-fedora-clang 0.1.4 405.05 NOTE
r-devel-linux-x86_64-fedora-gcc 0.1.4 356.18 NOTE
r-devel-windows-x86_64 0.1.4 78.00 208.00 286.00 NOTE
r-patched-linux-x86_64 0.1.4 106.25 142.85 249.10 OK
r-release-linux-x86_64 0.1.4 OK
r-release-macos-arm64 0.1.4 122.00 NOTE
r-release-macos-x86_64 0.1.4 189.00 NOTE
r-release-windows-x86_64 0.1.4 76.00 202.00 278.00 NOTE
r-oldrel-macos-arm64 0.1.4 95.00 NOTE
r-oldrel-macos-x86_64 0.1.4 123.00 NOTE
r-oldrel-windows-ix86+x86_64 0.1.4 255.00 221.00 476.00 NOTE

Check Details

Version: 0.1.4
Check: package subdirectories
Result: NOTE
    Problems with news in 'NEWS.md':
    No news entries found.
Flavors: r-devel-linux-x86_64-debian-clang, r-devel-linux-x86_64-debian-gcc, r-devel-linux-x86_64-fedora-clang, r-devel-linux-x86_64-fedora-gcc, r-devel-windows-x86_64

Version: 0.1.4
Check: installed package size
Result: NOTE
     installed size is 17.9Mb
     sub-directories of 1Mb or more:
     libs 17.4Mb
Flavors: r-devel-linux-x86_64-fedora-clang, r-devel-windows-x86_64, r-release-macos-arm64, r-release-macos-x86_64, r-release-windows-x86_64, r-oldrel-macos-arm64, r-oldrel-macos-x86_64, r-oldrel-windows-ix86+x86_64