CRAN Package Check Results for Package MLZ

Last updated on 2019-08-21 05:46:56 CEST.

Flavor Version Tinstall Tcheck Ttotal Status Flags
r-devel-linux-x86_64-debian-clang 0.1.1 162.16 105.38 267.54 NOTE
r-devel-linux-x86_64-debian-gcc 0.1.1 118.51 82.84 201.35 NOTE
r-devel-linux-x86_64-fedora-clang 0.1.1 364.43 NOTE
r-devel-linux-x86_64-fedora-gcc 0.1.1 338.25 NOTE
r-devel-windows-ix86+x86_64 0.1.1 222.00 201.00 423.00 NOTE
r-patched-linux-x86_64 0.1.1 105.84 103.50 209.34 NOTE
r-patched-solaris-x86 0.1.1 312.50 NOTE
r-release-linux-x86_64 0.1.1 110.24 103.10 213.34 NOTE
r-release-windows-ix86+x86_64 0.1.1 156.00 149.00 305.00 NOTE
r-release-osx-x86_64 0.1.1 NOTE
r-oldrel-windows-ix86+x86_64 0.1.1 217.00 207.00 424.00 NOTE
r-oldrel-osx-x86_64 0.1.1 NOTE

Check Details

Version: 0.1.1
Check: line endings in C/C++/Fortran sources/headers
Result: NOTE
    Found the following sources/headers with CR or CRLF line endings:
     inst/include/ML.h
     inst/include/MLCR.h
     inst/include/MLeffort.h
     inst/include/MSM1S.h
     inst/include/MSM23.h
     inst/include/functions.h
    Some Unix compilers require LF line endings.
Flavors: r-devel-linux-x86_64-debian-clang, r-devel-linux-x86_64-debian-gcc, r-devel-linux-x86_64-fedora-clang, r-devel-linux-x86_64-fedora-gcc, r-devel-windows-ix86+x86_64, r-patched-linux-x86_64, r-patched-solaris-x86, r-release-linux-x86_64, r-release-windows-ix86+x86_64, r-release-osx-x86_64

Version: 0.1.1
Check: installed package size
Result: NOTE
     installed size is 24.3Mb
     sub-directories of 1Mb or more:
     libs 23.8Mb
Flavors: r-devel-linux-x86_64-fedora-clang, r-devel-windows-ix86+x86_64, r-release-windows-ix86+x86_64, r-release-osx-x86_64, r-oldrel-windows-ix86+x86_64, r-oldrel-osx-x86_64