CRAN Package Check Results for Package MLZ

Last updated on 2019-12-09 05:47:18 CET.

Flavor Version Tinstall Tcheck Ttotal Status Flags
r-devel-linux-x86_64-debian-clang 0.1.3 159.58 112.63 272.21 OK
r-devel-linux-x86_64-debian-gcc 0.1.3 121.80 88.03 209.83 OK
r-devel-linux-x86_64-fedora-clang 0.1.3 375.76 NOTE
r-devel-linux-x86_64-fedora-gcc 0.1.3 344.63 OK
r-devel-windows-ix86+x86_64 0.1.3 177.00 156.00 333.00 NOTE
r-devel-windows-ix86+x86_64-gcc8 0.1.3 237.00 163.00 400.00 NOTE
r-patched-linux-x86_64 0.1.3 111.30 102.37 213.67 OK
r-patched-solaris-x86 0.1.3 297.30 OK
r-release-linux-x86_64 0.1.3 108.89 103.65 212.54 OK
r-release-windows-ix86+x86_64 0.1.3 171.00 154.00 325.00 NOTE
r-release-osx-x86_64 0.1.3 NOTE
r-oldrel-windows-ix86+x86_64 0.1.3 163.00 132.00 295.00 NOTE
r-oldrel-osx-x86_64 0.1.3 NOTE

Check Details

Version: 0.1.3
Check: installed package size
Result: NOTE
     installed size is 24.3Mb
     sub-directories of 1Mb or more:
     libs 23.8Mb
Flavors: r-devel-linux-x86_64-fedora-clang, r-devel-windows-ix86+x86_64, r-devel-windows-ix86+x86_64-gcc8, r-release-windows-ix86+x86_64, r-release-osx-x86_64, r-oldrel-windows-ix86+x86_64, r-oldrel-osx-x86_64