CRAN Package Check Results for Package MSEtool

Last updated on 2021-10-17 05:49:17 CEST.

Flavor Version Tinstall Tcheck Ttotal Status Flags
r-devel-linux-x86_64-debian-clang 3.2.0 134.63 231.64 366.27 OK
r-devel-linux-x86_64-debian-gcc 3.2.0 103.10 167.73 270.83 OK
r-devel-linux-x86_64-fedora-clang 3.2.0 507.50 NOTE
r-devel-linux-x86_64-fedora-gcc 3.2.0 480.20 OK
r-devel-windows-x86_64 3.2.0 192.00 252.00 444.00 NOTE
r-devel-windows-x86_64-gcc10-UCRT 3.2.0 OK
r-patched-linux-x86_64 3.2.0 129.37 220.75 350.12 OK
r-patched-solaris-x86 3.2.0 461.50 NOTE
r-release-linux-x86_64 3.2.0 126.57 220.06 346.63 OK
r-release-macos-arm64 3.2.0 NOTE
r-release-macos-x86_64 3.2.0 NOTE
r-release-windows-ix86+x86_64 3.2.0 220.00 288.00 508.00 NOTE
r-oldrel-macos-x86_64 3.2.0 NOTE
r-oldrel-windows-ix86+x86_64 3.2.0 308.00 281.00 589.00 NOTE

Check Details

Version: 3.2.0
Check: installed package size
Result: NOTE
     installed size is 9.9Mb
     sub-directories of 1Mb or more:
     R 1.6Mb
     data 4.0Mb
     libs 3.4Mb
Flavors: r-devel-linux-x86_64-fedora-clang, r-devel-windows-x86_64, r-patched-solaris-x86, r-release-macos-arm64, r-release-macos-x86_64, r-release-windows-ix86+x86_64, r-oldrel-macos-x86_64, r-oldrel-windows-ix86+x86_64