CRAN Package Check Results for Package MSGARCH

Last updated on 2019-09-22 05:46:16 CEST.

Flavor Version Tinstall Tcheck Ttotal Status Flags
r-devel-linux-x86_64-debian-clang 2.3 304.82 320.08 624.90 NOTE
r-devel-linux-x86_64-debian-gcc 2.3 304.88 243.42 548.30 NOTE
r-devel-linux-x86_64-fedora-clang 2.3 893.33 NOTE
r-devel-linux-x86_64-fedora-gcc 2.3 927.66 NOTE
r-devel-windows-ix86+x86_64 2.3 793.00 651.00 1444.00 NOTE
r-patched-linux-x86_64 2.3 313.83 313.28 627.11 NOTE
r-patched-solaris-x86 2.3 883.60 NOTE
r-release-linux-x86_64 2.3 307.69 318.79 626.48 NOTE
r-release-windows-ix86+x86_64 2.3 609.00 470.00 1079.00 NOTE
r-release-osx-x86_64 2.3 NOTE
r-oldrel-windows-ix86+x86_64 2.3 564.00 491.00 1055.00 NOTE
r-oldrel-osx-x86_64 2.3 NOTE

Check Details

Version: 2.3
Check: use of SHLIB_OPENMP_*FLAGS in Makefiles
Result: NOTE
     src/Makevars.win: SHLIB_OPENMP_CXXFLAGS is included in PKG_LIBS but not in PKG_CXXFLAGS
    Use of these macros is discussed in sect 1.2.1.1 of 'Writing R
    Extensions'. The macros for different languages may differ so the
    matching macro must be used in PKG_CXXFLAGS (etc) and match that used
    in PKG_LIBS (except for Fortran: see the manual).
Flavors: r-devel-linux-x86_64-debian-clang, r-devel-linux-x86_64-debian-gcc, r-devel-linux-x86_64-fedora-clang, r-devel-linux-x86_64-fedora-gcc, r-patched-linux-x86_64, r-release-linux-x86_64

Version: 2.3
Check: installed package size
Result: NOTE
     installed size is 46.6Mb
     sub-directories of 1Mb or more:
     libs 46.2Mb
Flavors: r-devel-linux-x86_64-fedora-clang, r-devel-windows-ix86+x86_64, r-patched-solaris-x86, r-release-windows-ix86+x86_64, r-release-osx-x86_64, r-oldrel-windows-ix86+x86_64, r-oldrel-osx-x86_64