CRAN Package Check Results for Package MSGARCH

Last updated on 2020-02-16 05:48:00 CET.

Flavor Version Tinstall Tcheck Ttotal Status Flags
r-devel-linux-x86_64-debian-clang 2.31 354.46 390.32 744.78 OK
r-devel-linux-x86_64-debian-gcc 2.31 299.26 273.46 572.72 OK
r-devel-linux-x86_64-fedora-clang 2.31 958.03 NOTE
r-devel-linux-x86_64-fedora-gcc 2.31 990.69 OK
r-devel-windows-ix86+x86_64 2.31 727.00 577.00 1304.00 NOTE
r-devel-windows-ix86+x86_64-gcc8 2.31 943.00 720.00 1663.00 NOTE
r-patched-linux-x86_64 2.31 318.36 316.68 635.04 OK
r-patched-solaris-x86 2.31 902.40 NOTE
r-release-linux-x86_64 2.31 314.84 313.60 628.44 OK
r-release-windows-ix86+x86_64 2.31 671.00 470.00 1141.00 NOTE
r-release-osx-x86_64 2.31 NOTE
r-oldrel-windows-ix86+x86_64 2.31 577.00 483.00 1060.00 NOTE
r-oldrel-osx-x86_64 2.31 NOTE

Check Details

Version: 2.31
Check: installed package size
Result: NOTE
     installed size is 46.7Mb
     sub-directories of 1Mb or more:
     libs 46.3Mb
Flavors: r-devel-linux-x86_64-fedora-clang, r-devel-windows-ix86+x86_64, r-devel-windows-ix86+x86_64-gcc8, r-patched-solaris-x86, r-release-windows-ix86+x86_64, r-release-osx-x86_64, r-oldrel-windows-ix86+x86_64, r-oldrel-osx-x86_64