CRAN Package Check Results for Package MSiP

Last updated on 2022-01-26 05:54:22 CET.

Flavor Version Tinstall Tcheck Ttotal Status Flags
r-devel-linux-x86_64-debian-clang 1.3.7 16.46 331.07 347.53 OK
r-devel-linux-x86_64-debian-gcc 1.3.7 14.42 252.12 266.54 OK
r-devel-linux-x86_64-fedora-clang 1.3.7 382.13 NOTE
r-devel-linux-x86_64-fedora-gcc 1.3.7 383.14 NOTE
r-devel-windows-x86_64-new-UL 1.3.7 35.00 281.00 316.00 OK
r-devel-windows-x86_64-new-TK 1.3.7 NOTE
r-patched-linux-x86_64 1.3.7 16.58 301.67 318.25 OK
r-release-linux-x86_64 1.3.7 12.07 298.03 310.10 OK
r-release-macos-arm64 1.3.7 NOTE
r-release-macos-x86_64 1.3.7 NOTE
r-release-windows-ix86+x86_64 1.3.7 38.00 296.00 334.00 OK
r-oldrel-macos-x86_64 1.3.7 NOTE
r-oldrel-windows-ix86+x86_64 1.3.7 37.00 289.00 326.00 OK

Check Details

Version: 1.3.7
Check: dependencies in R code
Result: NOTE
    Namespace in Imports field not imported from: ‘ranger’
     All declared Imports should be used.
Flavors: r-devel-linux-x86_64-fedora-clang, r-devel-linux-x86_64-fedora-gcc, r-devel-windows-x86_64-new-TK, r-release-macos-arm64, r-release-macos-x86_64, r-oldrel-macos-x86_64