CRAN Package Check Results for Package MTS

Last updated on 2021-10-16 05:51:29 CEST.

Flavor Version Tinstall Tcheck Ttotal Status Flags
r-devel-linux-x86_64-debian-clang 1.0.3 35.57 151.58 187.15 OK
r-devel-linux-x86_64-debian-gcc 1.0.3 27.84 113.77 141.61 OK
r-devel-linux-x86_64-fedora-clang 1.0.3 240.85 NOTE
r-devel-linux-x86_64-fedora-gcc 1.0.3 237.79 NOTE
r-devel-windows-x86_64 1.0.3 44.00 136.00 180.00 OK
r-devel-windows-x86_64-gcc10-UCRT 1.0.3 OK
r-patched-linux-x86_64 1.0.3 35.75 148.14 183.89 OK
r-patched-solaris-x86 1.0.3 253.60 OK
r-release-linux-x86_64 1.0.3 34.55 147.04 181.59 OK
r-release-macos-arm64 1.0.3 OK
r-release-macos-x86_64 1.0.3 OK
r-release-windows-ix86+x86_64 1.0.3 79.00 236.00 315.00 OK
r-oldrel-macos-x86_64 1.0.3 OK
r-oldrel-windows-ix86+x86_64 1.0.3 78.00 229.00 307.00 OK

Check Details

Version: 1.0.3
Check: compiled code
Result: NOTE
    File ‘MTS/libs/MTS.so’:
     Found no calls to: ‘R_registerRoutines’, ‘R_useDynamicSymbols’
    
    It is good practice to register native routines and to disable symbol
    search.
    
    See ‘Writing portable packages’ in the ‘Writing R Extensions’ manual.
Flavors: r-devel-linux-x86_64-fedora-clang, r-devel-linux-x86_64-fedora-gcc