CRAN Package Check Results for Package ManifoldOptim

Last updated on 2021-01-18 05:47:29 CET.

Flavor Version Tinstall Tcheck Ttotal Status Flags
r-devel-linux-x86_64-debian-clang 1.0.0 229.42 28.16 257.58 OK
r-devel-linux-x86_64-debian-gcc 1.0.0 141.61 22.45 164.06 OK
r-devel-linux-x86_64-fedora-clang 1.0.0 406.87 NOTE
r-devel-linux-x86_64-fedora-gcc 1.0.0 314.17 OK
r-devel-windows-ix86+x86_64 1.0.0 654.00 69.00 723.00 OK
r-patched-linux-x86_64 1.0.0 172.96 27.54 200.50 OK
r-patched-solaris-x86 1.0.0 278.40 OK
r-release-linux-x86_64 1.0.0 174.25 26.99 201.24 OK
r-release-macos-x86_64 1.0.0 NOTE
r-release-windows-ix86+x86_64 1.0.0 885.00 72.00 957.00 OK
r-oldrel-macos-x86_64 1.0.0 NOTE
r-oldrel-windows-ix86+x86_64 1.0.0 685.00 58.00 743.00 OK

Check Details

Version: 1.0.0
Check: installed package size
Result: NOTE
     installed size is 10.9Mb
     sub-directories of 1Mb or more:
     libs 10.5Mb
Flavors: r-devel-linux-x86_64-fedora-clang, r-release-macos-x86_64, r-oldrel-macos-x86_64