CRAN Package Check Results for Package Markovchart

Last updated on 2024-02-25 06:08:33 CET.

Flavor Version Tinstall Tcheck Ttotal Status Flags
r-devel-linux-x86_64-debian-clang 2.1.5 8.53 106.61 115.14 NOTE
r-devel-linux-x86_64-debian-gcc 2.1.5 4.92 79.79 84.71 NOTE
r-devel-linux-x86_64-fedora-clang 2.1.5 147.20 NOTE
r-devel-linux-x86_64-fedora-gcc 2.1.5 155.64 NOTE
r-devel-windows-x86_64 2.1.5 8.00 344.00 352.00 OK
r-patched-linux-x86_64 2.1.5 5.45 99.68 105.13 OK
r-release-linux-x86_64 2.1.5 4.99 101.72 106.71 OK
r-release-macos-arm64 2.1.5 173.00 OK
r-release-macos-x86_64 2.1.5 291.00 OK
r-release-windows-x86_64 2.1.5 11.00 415.00 426.00 OK
r-oldrel-macos-arm64 2.1.5 156.00 OK
r-oldrel-windows-x86_64 2.1.5 12.00 426.00 438.00 OK

Check Details

Version: 2.1.5
Check: Rd files
Result: NOTE checkRd: (-1) Markovchart.Rd:154: Lost braces 154 | If either \code{h} or \code{k} have length greater than 1, then the \code{G-value} (weighted average of average cost and cost standard deviation) is calculated for all given values without optimisation. The value of the function in this case is a data frame of class code{Markov_grid} with \code{length(h)*length(k)} number of rows and three columns for \code{h}, \code{k} and the \code{G-value}. | ^ Flavors: r-devel-linux-x86_64-debian-clang, r-devel-linux-x86_64-debian-gcc, r-devel-linux-x86_64-fedora-clang, r-devel-linux-x86_64-fedora-gcc