CRAN Package Check Results for Package MatrixExtra

Last updated on 2021-11-28 05:49:38 CET.

Flavor Version Tinstall Tcheck Ttotal Status Flags
r-devel-linux-x86_64-debian-clang 0.1.8 OK
r-devel-linux-x86_64-debian-gcc 0.1.8 113.08 140.69 253.77 OK
r-devel-linux-x86_64-fedora-clang 0.1.8 496.09 NOTE
r-devel-linux-x86_64-fedora-gcc 0.1.8 433.43 OK
r-devel-windows-x86_64-new-UL 0.1.8 195.00 262.00 457.00 OK
r-devel-windows-x86_64-new-TK 0.1.8 OK
r-devel-windows-x86_64-old 0.1.8 124.00 194.00 318.00 OK
r-patched-linux-x86_64 0.1.8 133.54 181.39 314.93 OK
r-patched-solaris-x86 0.1.8 470.80 OK
r-release-linux-x86_64 0.1.8 128.11 184.52 312.63 OK
r-release-macos-arm64 0.1.8 NOTE
r-release-macos-x86_64 0.1.8 NOTE
r-release-windows-ix86+x86_64 0.1.8 315.00 328.00 643.00 NOTE
r-oldrel-macos-x86_64 0.1.8 NOTE
r-oldrel-windows-ix86+x86_64 0.1.8 218.00 323.00 541.00 NOTE

Check Details

Version: 0.1.8
Check: installed package size
Result: NOTE
     installed size is 10.9Mb
     sub-directories of 1Mb or more:
     R 1.2Mb
     libs 9.5Mb
Flavors: r-devel-linux-x86_64-fedora-clang, r-release-macos-arm64, r-release-macos-x86_64, r-release-windows-ix86+x86_64, r-oldrel-macos-x86_64, r-oldrel-windows-ix86+x86_64