CRAN Package Check Results for Package MatrixModels

Last updated on 2022-09-24 05:51:07 CEST.

Flavor Version Tinstall Tcheck Ttotal Status Flags
r-devel-linux-x86_64-debian-clang 0.5-1 12.60 82.09 94.69 OK
r-devel-linux-x86_64-debian-gcc 0.5-1 8.65 62.69 71.34 OK
r-devel-linux-x86_64-fedora-clang 0.5-1 130.53 OK
r-devel-linux-x86_64-fedora-gcc 0.5-1 122.43 OK
r-devel-windows-x86_64 0.5-1 9.00 9.00 18.00 ERROR
r-patched-linux-x86_64 0.5-1 12.93 76.92 89.85 OK
r-release-linux-x86_64 0.5-1 12.74 77.58 90.32 OK
r-release-macos-arm64 0.5-1 36.00 OK
r-release-macos-x86_64 0.5-1 56.00 OK
r-release-windows-x86_64 0.5-1 116.00 105.00 221.00 OK
r-oldrel-macos-arm64 0.5-1 34.00 OK
r-oldrel-macos-x86_64 0.5-1 55.00 OK
r-oldrel-windows-ix86+x86_64 0.5-1 27.00 100.00 127.00 OK

Check Details

Version: 0.5-1
Check: package dependencies
Result: ERROR
    Package required and available but unsuitable version: 'Matrix'
    
    See section 'The DESCRIPTION file' in the 'Writing R Extensions'
    manual.
Flavor: r-devel-windows-x86_64