CRAN Package Check Results for Package MedianaDesigner

Last updated on 2021-10-22 05:59:51 CEST.

Flavor Version Tinstall Tcheck Ttotal Status Flags
r-devel-linux-x86_64-debian-clang 0.5 60.04 205.18 265.22 OK
r-devel-linux-x86_64-debian-gcc 0.5 51.57 148.36 199.93 OK
r-devel-linux-x86_64-fedora-clang 0.5 333.41 NOTE
r-devel-linux-x86_64-fedora-gcc 0.5 328.47 OK
r-devel-windows-x86_64 0.5 68.00 261.00 329.00 OK
r-devel-windows-x86_64-gcc10-UCRT 0.5 OK
r-patched-linux-x86_64 0.5 51.53 191.85 243.38 OK
r-patched-solaris-x86 0.5 371.60 ERROR
r-release-linux-x86_64 0.5 47.38 194.71 242.09 OK
r-release-macos-arm64 0.3 NOTE
r-release-macos-x86_64 0.5 NOTE
r-release-windows-ix86+x86_64 0.5 93.00 315.00 408.00 OK
r-oldrel-macos-x86_64 0.5 NOTE
r-oldrel-windows-ix86+x86_64 0.5 87.00 309.00 396.00 OK

Check Details

Version: 0.5
Check: installed package size
Result: NOTE
     installed size is 6.1Mb
     sub-directories of 1Mb or more:
     libs 5.4Mb
Flavors: r-devel-linux-x86_64-fedora-clang, r-release-macos-x86_64, r-oldrel-macos-x86_64

Version: 0.5
Check: tests
Result: ERROR
     Running ‘testthat.r’ [136s/166s]
    Running the tests in ‘tests/testthat.r’ failed.
    Complete output:
     > library(testthat)
     > library(MedianaDesigner)
     >
     > test_check("MedianaDesigner")
     ══ Failed tests ════════════════════════════════════════════════════════════════
     ── Failure (test-ADPopSel.r:344:3): Success run ADPopSel with Time-to-event case ──
     abs(results$sim_summary$trad_power[2] - 0.58) < 0.01 is not TRUE
    
     `actual`: FALSE
     `expected`: TRUE
     trad_power[2] is out of range (0.59)
    
     [ FAIL 1 | WARN 0 | SKIP 0 | PASS 767 ]
     Error: Test failures
     Execution halted
Flavor: r-patched-solaris-x86

Version: 0.3
Check: installed package size
Result: NOTE
     installed size is 9.5Mb
     sub-directories of 1Mb or more:
     libs 8.8Mb
Flavor: r-release-macos-arm64