CRAN Package Check Results for Package Mega2R

Last updated on 2019-12-09 05:47:18 CET.

Flavor Version Tinstall Tcheck Ttotal Status Flags
r-devel-linux-x86_64-debian-clang 1.0.5 55.77 400.05 455.82 OK
r-devel-linux-x86_64-debian-gcc 1.0.5 43.24 316.29 359.53 OK
r-devel-linux-x86_64-fedora-clang 1.0.5 570.79 OK
r-devel-linux-x86_64-fedora-gcc 1.0.5 566.12 OK
r-devel-windows-ix86+x86_64 1.0.5 97.00 495.00 592.00 OK
r-devel-windows-ix86+x86_64-gcc8 1.0.5 122.00 495.00 617.00 OK
r-patched-linux-x86_64 1.0.5 44.07 358.97 403.04 OK
r-patched-solaris-x86 1.0.5 4.50 ERROR --no-vignettes
r-release-linux-x86_64 1.0.5 43.09 355.93 399.02 OK
r-release-windows-ix86+x86_64 1.0.5 107.00 486.00 593.00 OK
r-release-osx-x86_64 1.0.5 ERROR
r-oldrel-windows-ix86+x86_64 1.0.5 66.00 431.00 497.00 OK
r-oldrel-osx-x86_64 1.0.5 WARN

Check Details

Version: 1.0.5
Flags: --no-vignettes
Check: package dependencies
Result: ERROR
    Package required but not available: ‘gdsfmt’
    
    See section ‘The DESCRIPTION file’ in the ‘Writing R Extensions’
    manual.
Flavor: r-patched-solaris-x86

Version: 1.0.5
Check: package dependencies
Result: NOTE
    Packages suggested but not available for checking:
     'TxDb.Hsapiens.UCSC.hg19.knownGene', 'org.Hs.eg.db'
Flavor: r-release-osx-x86_64

Version: 1.0.5
Check: whether package can be installed
Result: ERROR
    Installation failed.
Flavor: r-release-osx-x86_64

Version: 1.0.5
Check: package dependencies
Result: NOTE
    Package suggested but not available for checking: ‘TxDb.Hsapiens.UCSC.hg19.knownGene’
Flavor: r-oldrel-osx-x86_64

Version: 1.0.5
Check: re-building of vignette outputs
Result: WARN
    Error in re-building vignettes:
     ...
    Warning in engine$weave(file, quiet = quiet, encoding = enc) :
     Pandoc (>= 1.12.3) and/or pandoc-citeproc not available. Falling back to R Markdown v1.
    Loading required package: SKAT
    Loading required package: pedgene
    Loading required package: Matrix
    Loading required package: CompQuadForm
    Loading required package: survey
    Loading required package: grid
    Loading required package: survival
    
    Attaching package: 'survey'
    
    The following object is masked from 'package:graphics':
    
     dotchart
    
    Loading required package: kinship2
    Loading required package: quadprog
    Loading required package: gdsfmt
    Quitting from lines 694-696 (mega2rtutorial.Rmd)
    Error: processing vignette 'mega2rtutorial.Rmd' failed with diagnostics:
    there is no package called 'TxDb.Hsapiens.UCSC.hg19.knownGene'
    Execution halted
Flavor: r-oldrel-osx-x86_64