Last updated on 2022-08-12 05:52:51 CEST.
Flavor | Version | Tinstall | Tcheck | Ttotal | Status | Flags |
---|---|---|---|---|---|---|
r-devel-linux-x86_64-debian-clang | 1.0.9 | 63.09 | 512.85 | 575.94 | OK | |
r-devel-linux-x86_64-debian-gcc | 1.0.9 | 52.88 | 392.28 | 445.16 | OK | |
r-devel-linux-x86_64-fedora-clang | 1.0.9 | 744.73 | OK | |||
r-devel-linux-x86_64-fedora-gcc | 1.0.9 | 750.58 | OK | |||
r-devel-windows-x86_64 | 1.0.9 | 81.00 | 587.00 | 668.00 | OK | |
r-patched-linux-x86_64 | 1.0.9 | 60.89 | 488.84 | 549.73 | OK | |
r-release-linux-x86_64 | 1.0.9 | 57.45 | 493.19 | 550.64 | OK | |
r-release-macos-arm64 | 1.0.9 | 139.00 | NOTE | |||
r-release-macos-x86_64 | 1.0.9 | 320.00 | OK | |||
r-release-windows-x86_64 | 1.0.9 | 73.00 | 564.00 | 637.00 | OK | |
r-oldrel-macos-arm64 | 1.0.9 | 168.00 | OK | |||
r-oldrel-macos-x86_64 | 1.0.9 | 248.00 | OK | |||
r-oldrel-windows-ix86+x86_64 | 1.0.9 | 130.00 | 763.00 | 893.00 | OK |
Version: 1.0.9
Check: package dependencies
Result: NOTE
Package suggested but not available for checking: ‘TxDb.Hsapiens.UCSC.hg19.knownGene’
Flavor: r-release-macos-arm64