CRAN Package Check Results for Package MetaDBparse

Last updated on 2021-04-11 05:48:00 CEST.

Flavor Version Tinstall Tcheck Ttotal Status Flags
r-devel-linux-x86_64-debian-clang 1.0.0 13.76 110.86 124.62 OK
r-devel-linux-x86_64-debian-gcc 1.0.0 10.61 83.18 93.79 OK
r-devel-linux-x86_64-fedora-clang 1.0.0 158.86 NOTE
r-devel-linux-x86_64-fedora-gcc 1.0.0 158.37 NOTE
r-devel-windows-ix86+x86_64 1.0.0 18.00 105.00 123.00 OK
r-devel-windows-x86_64-gcc10-UCRT 1.0.0 NOTE
r-patched-linux-x86_64 1.0.0 12.61 100.85 113.46 OK
r-release-linux-x86_64 1.0.0 13.52 101.78 115.30 OK
r-release-macos-x86_64 1.0.0 ERROR
r-release-windows-ix86+x86_64 1.0.0 30.00 140.00 170.00 OK
r-oldrel-macos-x86_64 1.0.0 ERROR
r-oldrel-windows-ix86+x86_64 1.0.0 24.00 98.00 122.00 OK

Check Details

Version: 1.0.0
Check: package dependencies
Result: NOTE
    Imports includes 29 non-default packages.
    Importing from so many packages makes the package vulnerable to any of
    them becoming unavailable. Move as many as possible to Suggests and
    use conditionally.
Flavor: r-devel-linux-x86_64-fedora-clang

Version: 1.0.0
Check: dependencies in R code
Result: NOTE
    Namespace in Imports field not imported from: ‘pacman’
     All declared Imports should be used.
Flavors: r-devel-linux-x86_64-fedora-clang, r-devel-linux-x86_64-fedora-gcc, r-devel-windows-x86_64-gcc10-UCRT

Version: 1.0.0
Check: package dependencies
Result: ERROR
    Packages required but not available: 'KEGGREST', 'ChemmineR', 'Rdisop'
    
    See section ‘The DESCRIPTION file’ in the ‘Writing R Extensions’
    manual.
Flavor: r-release-macos-x86_64

Version: 1.0.0
Check: package dependencies
Result: ERROR
    Package required but not available: ‘ChemmineR’
    
    See section ‘The DESCRIPTION file’ in the ‘Writing R Extensions’
    manual.
Flavor: r-oldrel-macos-x86_64