Last updated on 2023-02-07 05:55:38 CET.
Flavor | Version | Tinstall | Tcheck | Ttotal | Status | Flags |
---|---|---|---|---|---|---|
r-devel-linux-x86_64-debian-clang | 2.1.3 | 15.87 | 167.37 | 183.24 | OK | |
r-devel-linux-x86_64-debian-gcc | 2.1.3 | 13.05 | 120.98 | 134.03 | OK | |
r-devel-linux-x86_64-fedora-clang | 2.1.3 | 242.24 | NOTE | |||
r-devel-linux-x86_64-fedora-gcc | 2.1.3 | 227.58 | NOTE | |||
r-devel-windows-x86_64 | 2.1.3 | 74.00 | 233.00 | 307.00 | OK | |
r-patched-linux-x86_64 | 2.1.3 | 13.44 | 159.31 | 172.75 | OK | |
r-release-linux-x86_64 | 2.1.3 | 12.81 | 156.15 | 168.96 | OK | |
r-release-macos-arm64 | 2.1.3 | 64.00 | NOTE | |||
r-release-macos-x86_64 | 2.1.3 | 114.00 | NOTE | |||
r-release-windows-x86_64 | 2.1.3 | 113.00 | 219.00 | 332.00 | OK | |
r-oldrel-macos-arm64 | 2.1.3 | 92.00 | NOTE | |||
r-oldrel-macos-x86_64 | 2.1.3 | 78.00 | NOTE | |||
r-oldrel-windows-ix86+x86_64 | 2.1.3 | 33.00 | 219.00 | 252.00 | OK |
Version: 2.1.3
Check: package dependencies
Result: NOTE
Imports includes 35 non-default packages.
Importing from so many packages makes the package vulnerable to any of
them becoming unavailable. Move as many as possible to Suggests and
use conditionally.
Flavor: r-devel-linux-x86_64-fedora-clang
Version: 2.1.3
Check: dependencies in R code
Result: NOTE
Namespaces in Imports field not imported from:
‘BiocManager’ ‘DT’ ‘GEOmetadb’ ‘RMySQL’ ‘RSQLite’ ‘gplots’ ‘pheatmap’
‘readr’
All declared Imports should be used.
Flavors: r-devel-linux-x86_64-fedora-clang, r-devel-linux-x86_64-fedora-gcc, r-release-macos-arm64, r-release-macos-x86_64, r-oldrel-macos-arm64, r-oldrel-macos-x86_64